{"id":617,"date":"2023-08-17T08:30:45","date_gmt":"2023-08-17T08:30:45","guid":{"rendered":"https:\/\/www.spokojnyzajac.sk\/?post_type=product&#038;p=617"},"modified":"2025-04-08T16:43:20","modified_gmt":"2025-04-08T16:43:20","slug":"rozchodnica-ruzova","status":"publish","type":"product","link":"https:\/\/www.spokojnyzajac.sk\/index.php\/produkt\/rozchodnica-ruzova\/","title":{"rendered":"Rozchodnica ru\u017eov\u00e1"},"content":{"rendered":"<p>\u017dlto kvitn\u00faca skalni\u010dka s ve\u013emi siln\u00fdmi lie\u010div\u00fdmi vlastnos\u0165ami. Zbiera sa kore\u0148.<\/p>\n<p>Na Slovensku i v \u010cech\u00e1ch\u00a0<strong>patr\u00ed medzi z\u00e1konom chr\u00e1nen\u00e9 rastliny<\/strong>. U n\u00e1s ju m\u00f4\u017eete vidie\u0165 rozkvitnut\u00fa v Tatr\u00e1ch aj v Malej Fatre.<\/p>\n<p><strong>Farba kvetu <\/strong>\u017elt\u00e1<br \/>\n<strong>Doba kvetu <\/strong>VI-VII<br \/>\n<strong>V\u00fd\u0161ka rastliny <\/strong>30\u00a0cm<br \/>\n<strong>N\u00e1roky na slnko <\/strong>S<br \/>\n<strong>N\u00e1roky na vodu <\/strong>n\u00edzke<br \/>\n<strong>Hustota v\u00fdsadby <\/strong>12 ks<br \/>\n<strong>Mrazuvzdornos\u0165 <\/strong>\u00e1no<br \/>\n<strong>Habitus rastliny <\/strong>kompaktn\u00fd<\/p>\n","protected":false},"excerpt":{"rendered":"<p>Rastlina v kvetin\u00e1\u010di: 9&#215;9 cm<br \/>\nRhodiola rosea<br \/>\nSlovensk\u00fd n\u00e1zov: Rozchodnica ru\u017eov\u00e1<\/p>\n","protected":false},"featured_media":937,"comment_status":"open","ping_status":"closed","template":"","meta":{"_monsterinsights_skip_tracking":false,"_monsterinsights_sitenote_active":false,"_monsterinsights_sitenote_note":"","_monsterinsights_sitenote_category":0},"product_brand":[],"product_cat":[35,86,39,16],"product_tag":[69,78,77,75],"class_list":{"0":"post-617","1":"product","2":"type-product","3":"status-publish","4":"has-post-thumbnail","6":"product_cat-bylinky-aromaticke-trvalky","7":"product_cat-skalnicky","8":"product_cat-trvalky","9":"product_cat-zive-rastliny","10":"product_tag-do-skalky","11":"product_tag-jedle-rastliny","12":"product_tag-nizke-do-50-cm","13":"product_tag-podopokryvne","14":"pa_doba-kvetu-leto","15":"pa_farba-zlta","16":"pa_stanoviste-priame-slnko","18":"first","19":"instock","20":"taxable","21":"shipping-taxable","22":"purchasable","23":"product-type-simple"},"yoast_head":"<!-- This site is optimized with the Yoast SEO plugin v27.5 - https:\/\/yoast.com\/product\/yoast-seo-wordpress\/ -->\n<title>Rozchodnica ru\u017eov\u00e1 - Z\u00c1HRADN\u00cdCTVO<\/title>\n<meta name=\"description\" content=\"Rozchodnica ru\u017eov\u00e1 - Rhodiola rosea. Lie\u010div\u00e1 trvalka vhodn\u00e1 do skalky.\" \/>\n<meta name=\"robots\" content=\"index, follow, max-snippet:-1, max-image-preview:large, max-video-preview:-1\" \/>\n<link rel=\"canonical\" href=\"https:\/\/www.spokojnyzajac.sk\/index.php\/produkt\/rozchodnica-ruzova\/\" \/>\n<meta property=\"og:locale\" content=\"sk_SK\" \/>\n<meta property=\"og:type\" content=\"article\" \/>\n<meta property=\"og:title\" content=\"Rozchodnica ru\u017eov\u00e1 - Z\u00c1HRADN\u00cdCTVO\" \/>\n<meta property=\"og:description\" content=\"Rozchodnica ru\u017eov\u00e1 - Rhodiola rosea. Lie\u010div\u00e1 trvalka vhodn\u00e1 do skalky.\" \/>\n<meta property=\"og:url\" content=\"https:\/\/www.spokojnyzajac.sk\/index.php\/produkt\/rozchodnica-ruzova\/\" \/>\n<meta property=\"og:site_name\" content=\"Z\u00c1HRADN\u00cdCTVO\" \/>\n<meta property=\"article:publisher\" content=\"https:\/\/www.facebook.com\/spokojnyzajac\/\" \/>\n<meta property=\"article:modified_time\" content=\"2025-04-08T16:43:20+00:00\" \/>\n<meta property=\"og:image\" content=\"https:\/\/www.spokojnyzajac.sk\/wp-content\/uploads\/2023\/08\/Rhodiola-rosea01.webp\" \/>\n\t<meta property=\"og:image:width\" content=\"500\" \/>\n\t<meta property=\"og:image:height\" content=\"500\" \/>\n\t<meta property=\"og:image:type\" content=\"image\/webp\" \/>\n<meta name=\"twitter:card\" content=\"summary_large_image\" \/>\n<meta name=\"twitter:label1\" content=\"Predpokladan\u00fd \u010das \u010d\u00edtania\" \/>\n\t<meta name=\"twitter:data1\" content=\"1 min\u00fata\" \/>\n<script type=\"application\/ld+json\" class=\"yoast-schema-graph\">{\"@context\":\"https:\\\/\\\/schema.org\",\"@graph\":[{\"@type\":\"WebPage\",\"@id\":\"https:\\\/\\\/www.spokojnyzajac.sk\\\/index.php\\\/produkt\\\/rozchodnica-ruzova\\\/\",\"url\":\"https:\\\/\\\/www.spokojnyzajac.sk\\\/index.php\\\/produkt\\\/rozchodnica-ruzova\\\/\",\"name\":\"Rozchodnica ru\u017eov\u00e1 - Z\u00c1HRADN\u00cdCTVO\",\"isPartOf\":{\"@id\":\"https:\\\/\\\/www.spokojnyzajac.sk\\\/#website\"},\"primaryImageOfPage\":{\"@id\":\"https:\\\/\\\/www.spokojnyzajac.sk\\\/index.php\\\/produkt\\\/rozchodnica-ruzova\\\/#primaryimage\"},\"image\":{\"@id\":\"https:\\\/\\\/www.spokojnyzajac.sk\\\/index.php\\\/produkt\\\/rozchodnica-ruzova\\\/#primaryimage\"},\"thumbnailUrl\":\"https:\\\/\\\/i0.wp.com\\\/www.spokojnyzajac.sk\\\/wp-content\\\/uploads\\\/2023\\\/08\\\/Rhodiola-rosea01.webp?fit=500%2C500&ssl=1\",\"datePublished\":\"2023-08-17T08:30:45+00:00\",\"dateModified\":\"2025-04-08T16:43:20+00:00\",\"description\":\"Rozchodnica ru\u017eov\u00e1 - Rhodiola rosea. Lie\u010div\u00e1 trvalka vhodn\u00e1 do skalky.\",\"breadcrumb\":{\"@id\":\"https:\\\/\\\/www.spokojnyzajac.sk\\\/index.php\\\/produkt\\\/rozchodnica-ruzova\\\/#breadcrumb\"},\"inLanguage\":\"sk-SK\",\"potentialAction\":[{\"@type\":\"ReadAction\",\"target\":[\"https:\\\/\\\/www.spokojnyzajac.sk\\\/index.php\\\/produkt\\\/rozchodnica-ruzova\\\/\"]}]},{\"@type\":\"ImageObject\",\"inLanguage\":\"sk-SK\",\"@id\":\"https:\\\/\\\/www.spokojnyzajac.sk\\\/index.php\\\/produkt\\\/rozchodnica-ruzova\\\/#primaryimage\",\"url\":\"https:\\\/\\\/i0.wp.com\\\/www.spokojnyzajac.sk\\\/wp-content\\\/uploads\\\/2023\\\/08\\\/Rhodiola-rosea01.webp?fit=500%2C500&ssl=1\",\"contentUrl\":\"https:\\\/\\\/i0.wp.com\\\/www.spokojnyzajac.sk\\\/wp-content\\\/uploads\\\/2023\\\/08\\\/Rhodiola-rosea01.webp?fit=500%2C500&ssl=1\",\"width\":500,\"height\":500},{\"@type\":\"BreadcrumbList\",\"@id\":\"https:\\\/\\\/www.spokojnyzajac.sk\\\/index.php\\\/produkt\\\/rozchodnica-ruzova\\\/#breadcrumb\",\"itemListElement\":[{\"@type\":\"ListItem\",\"position\":1,\"name\":\"Domovsk\u00e1 str\u00e1nka\",\"item\":\"https:\\\/\\\/www.spokojnyzajac.sk\\\/\"},{\"@type\":\"ListItem\",\"position\":2,\"name\":\"Produkty\",\"item\":\"https:\\\/\\\/www.spokojnyzajac.sk\\\/index.php\\\/obchod\\\/\"},{\"@type\":\"ListItem\",\"position\":3,\"name\":\"Rozchodnica ru\u017eov\u00e1\"}]},{\"@type\":\"WebSite\",\"@id\":\"https:\\\/\\\/www.spokojnyzajac.sk\\\/#website\",\"url\":\"https:\\\/\\\/www.spokojnyzajac.sk\\\/\",\"name\":\"Z\u00e1hradn\u00edctvo\",\"description\":\"Spokojn\u00fd zajac\",\"potentialAction\":[{\"@type\":\"SearchAction\",\"target\":{\"@type\":\"EntryPoint\",\"urlTemplate\":\"https:\\\/\\\/www.spokojnyzajac.sk\\\/?s={search_term_string}\"},\"query-input\":{\"@type\":\"PropertyValueSpecification\",\"valueRequired\":true,\"valueName\":\"search_term_string\"}}],\"inLanguage\":\"sk-SK\"}]}<\/script>\n<!-- \/ Yoast SEO plugin. -->","yoast_head_json":{"title":"Rozchodnica ru\u017eov\u00e1 - Z\u00c1HRADN\u00cdCTVO","description":"Rozchodnica ru\u017eov\u00e1 - Rhodiola rosea. Lie\u010div\u00e1 trvalka vhodn\u00e1 do skalky.","robots":{"index":"index","follow":"follow","max-snippet":"max-snippet:-1","max-image-preview":"max-image-preview:large","max-video-preview":"max-video-preview:-1"},"canonical":"https:\/\/www.spokojnyzajac.sk\/index.php\/produkt\/rozchodnica-ruzova\/","og_locale":"sk_SK","og_type":"article","og_title":"Rozchodnica ru\u017eov\u00e1 - Z\u00c1HRADN\u00cdCTVO","og_description":"Rozchodnica ru\u017eov\u00e1 - Rhodiola rosea. Lie\u010div\u00e1 trvalka vhodn\u00e1 do skalky.","og_url":"https:\/\/www.spokojnyzajac.sk\/index.php\/produkt\/rozchodnica-ruzova\/","og_site_name":"Z\u00c1HRADN\u00cdCTVO","article_publisher":"https:\/\/www.facebook.com\/spokojnyzajac\/","article_modified_time":"2025-04-08T16:43:20+00:00","og_image":[{"width":500,"height":500,"url":"https:\/\/www.spokojnyzajac.sk\/wp-content\/uploads\/2023\/08\/Rhodiola-rosea01.webp","type":"image\/webp"}],"twitter_card":"summary_large_image","twitter_misc":{"Predpokladan\u00fd \u010das \u010d\u00edtania":"1 min\u00fata"},"schema":{"@context":"https:\/\/schema.org","@graph":[{"@type":"WebPage","@id":"https:\/\/www.spokojnyzajac.sk\/index.php\/produkt\/rozchodnica-ruzova\/","url":"https:\/\/www.spokojnyzajac.sk\/index.php\/produkt\/rozchodnica-ruzova\/","name":"Rozchodnica ru\u017eov\u00e1 - Z\u00c1HRADN\u00cdCTVO","isPartOf":{"@id":"https:\/\/www.spokojnyzajac.sk\/#website"},"primaryImageOfPage":{"@id":"https:\/\/www.spokojnyzajac.sk\/index.php\/produkt\/rozchodnica-ruzova\/#primaryimage"},"image":{"@id":"https:\/\/www.spokojnyzajac.sk\/index.php\/produkt\/rozchodnica-ruzova\/#primaryimage"},"thumbnailUrl":"https:\/\/i0.wp.com\/www.spokojnyzajac.sk\/wp-content\/uploads\/2023\/08\/Rhodiola-rosea01.webp?fit=500%2C500&ssl=1","datePublished":"2023-08-17T08:30:45+00:00","dateModified":"2025-04-08T16:43:20+00:00","description":"Rozchodnica ru\u017eov\u00e1 - Rhodiola rosea. Lie\u010div\u00e1 trvalka vhodn\u00e1 do skalky.","breadcrumb":{"@id":"https:\/\/www.spokojnyzajac.sk\/index.php\/produkt\/rozchodnica-ruzova\/#breadcrumb"},"inLanguage":"sk-SK","potentialAction":[{"@type":"ReadAction","target":["https:\/\/www.spokojnyzajac.sk\/index.php\/produkt\/rozchodnica-ruzova\/"]}]},{"@type":"ImageObject","inLanguage":"sk-SK","@id":"https:\/\/www.spokojnyzajac.sk\/index.php\/produkt\/rozchodnica-ruzova\/#primaryimage","url":"https:\/\/i0.wp.com\/www.spokojnyzajac.sk\/wp-content\/uploads\/2023\/08\/Rhodiola-rosea01.webp?fit=500%2C500&ssl=1","contentUrl":"https:\/\/i0.wp.com\/www.spokojnyzajac.sk\/wp-content\/uploads\/2023\/08\/Rhodiola-rosea01.webp?fit=500%2C500&ssl=1","width":500,"height":500},{"@type":"BreadcrumbList","@id":"https:\/\/www.spokojnyzajac.sk\/index.php\/produkt\/rozchodnica-ruzova\/#breadcrumb","itemListElement":[{"@type":"ListItem","position":1,"name":"Domovsk\u00e1 str\u00e1nka","item":"https:\/\/www.spokojnyzajac.sk\/"},{"@type":"ListItem","position":2,"name":"Produkty","item":"https:\/\/www.spokojnyzajac.sk\/index.php\/obchod\/"},{"@type":"ListItem","position":3,"name":"Rozchodnica ru\u017eov\u00e1"}]},{"@type":"WebSite","@id":"https:\/\/www.spokojnyzajac.sk\/#website","url":"https:\/\/www.spokojnyzajac.sk\/","name":"Z\u00e1hradn\u00edctvo","description":"Spokojn\u00fd zajac","potentialAction":[{"@type":"SearchAction","target":{"@type":"EntryPoint","urlTemplate":"https:\/\/www.spokojnyzajac.sk\/?s={search_term_string}"},"query-input":{"@type":"PropertyValueSpecification","valueRequired":true,"valueName":"search_term_string"}}],"inLanguage":"sk-SK"}]}},"jetpack_sharing_enabled":true,"_links":{"self":[{"href":"https:\/\/www.spokojnyzajac.sk\/index.php\/wp-json\/wp\/v2\/product\/617","targetHints":{"allow":["GET"]}}],"collection":[{"href":"https:\/\/www.spokojnyzajac.sk\/index.php\/wp-json\/wp\/v2\/product"}],"about":[{"href":"https:\/\/www.spokojnyzajac.sk\/index.php\/wp-json\/wp\/v2\/types\/product"}],"replies":[{"embeddable":true,"href":"https:\/\/www.spokojnyzajac.sk\/index.php\/wp-json\/wp\/v2\/comments?post=617"}],"wp:featuredmedia":[{"embeddable":true,"href":"https:\/\/www.spokojnyzajac.sk\/index.php\/wp-json\/wp\/v2\/media\/937"}],"wp:attachment":[{"href":"https:\/\/www.spokojnyzajac.sk\/index.php\/wp-json\/wp\/v2\/media?parent=617"}],"wp:term":[{"taxonomy":"product_brand","embeddable":true,"href":"https:\/\/www.spokojnyzajac.sk\/index.php\/wp-json\/wp\/v2\/product_brand?post=617"},{"taxonomy":"product_cat","embeddable":true,"href":"https:\/\/www.spokojnyzajac.sk\/index.php\/wp-json\/wp\/v2\/product_cat?post=617"},{"taxonomy":"product_tag","embeddable":true,"href":"https:\/\/www.spokojnyzajac.sk\/index.php\/wp-json\/wp\/v2\/product_tag?post=617"}],"curies":[{"name":"wp","href":"https:\/\/api.w.org\/{rel}","templated":true}]}}