{"id":614,"date":"2023-08-17T08:28:25","date_gmt":"2023-08-17T08:28:25","guid":{"rendered":"https:\/\/www.spokojnyzajac.sk\/?post_type=product&#038;p=614"},"modified":"2025-01-17T13:54:38","modified_gmt":"2025-01-17T13:54:38","slug":"horec-tibetsky","status":"publish","type":"product","link":"https:\/\/www.spokojnyzajac.sk\/index.php\/produkt\/horec-tibetsky\/","title":{"rendered":"Horec tibetsk\u00fd"},"content":{"rendered":"<p>Horec s lie\u010div\u00fdmi \u00fa\u010dinkami, ktor\u00fd sa dobre pestuje aj v podhorskej oblasti.<br \/>\nVz\u00e1cna a kr\u00e1sna bylinn\u00e1 trvalka z himal\u00e1jskych \u00fap\u00e4t\u00ed \u010c\u00edny a Tibetu. Toleruje mnoh\u00e9 typy p\u00f4dy, dobre sa mu dar\u00ed v n\u00e1dob\u00e1ch a m\u00e1 m\u00e1lo probl\u00e9mov so \u0161kodcami. Historicky sa pou\u017e\u00edva ako tr\u00e1viaca hor\u010dina, ktor\u00e1 stimuluje produkciu \u017el\u010de a zlep\u0161uje funkciu pe\u010dene. Pou\u017e\u00edva sa na lie\u010dbu artrit\u00eddy v tradi\u010dnej \u010d\u00ednskej medic\u00edne.<\/p>\n<p><strong>Farba kvetu\u00a0<\/strong>biela<br \/>\n<strong>Doba kvetu\u00a0<\/strong>VIII-IX<br \/>\n<strong>V\u00fd\u0161ka rastliny\u00a0<\/strong>50 cm<br \/>\n<strong>N\u00e1roky na slnko\u00a0<\/strong>S<br \/>\n<strong>N\u00e1roky na vodu\u00a0<\/strong>stredn\u00e9<br \/>\n<strong>Hustota v\u00fdsadby\u00a0<\/strong>7 ks<br \/>\n<strong>Mrazuvzdornos\u0165\u00a0<\/strong>\u00e1no<br \/>\n<strong>Habitus rastliny\u00a0<\/strong>vzpriamen\u00fd<\/p>\n","protected":false},"excerpt":{"rendered":"<p>Rastlina v kvetin\u00e1\u010di: 9\u00d79 cm<br \/>\nTax\u00f3n: Gentiana tibetica<br \/>\nSlovensk\u00fd n\u00e1zov: Horec tibetsk\u00fd<\/p>\n","protected":false},"featured_media":944,"comment_status":"open","ping_status":"closed","template":"","meta":{"_monsterinsights_skip_tracking":false,"_monsterinsights_sitenote_active":false,"_monsterinsights_sitenote_note":"","_monsterinsights_sitenote_category":0},"product_brand":[],"product_cat":[35,39,16],"product_tag":[69,78,77],"class_list":{"0":"post-614","1":"product","2":"type-product","3":"status-publish","4":"has-post-thumbnail","6":"product_cat-bylinky-aromaticke-trvalky","7":"product_cat-trvalky","8":"product_cat-zive-rastliny","9":"product_tag-do-skalky","10":"product_tag-jedle-rastliny","11":"product_tag-nizke-do-50-cm","13":"first","14":"outofstock","15":"taxable","16":"shipping-taxable","17":"purchasable","18":"product-type-simple"},"yoast_head":"<!-- This site is optimized with the Yoast SEO plugin v27.5 - https:\/\/yoast.com\/product\/yoast-seo-wordpress\/ -->\n<title>Horec tibetsk\u00fd - Z\u00c1HRADN\u00cdCTVO<\/title>\n<meta name=\"description\" content=\"Horec tibetsk\u00fd je vz\u00e1cna a kr\u00e1sna bylinn\u00e1 trvalka z himal\u00e1jskych \u00fap\u00e4t\u00ed \u010c\u00edny a Tibetu. \u013dahko sa pestuje a prisp\u00f4sobuje. Toleruje mnoh\u00e9 typy p\u00f4dy.\" \/>\n<meta name=\"robots\" content=\"index, follow, max-snippet:-1, max-image-preview:large, max-video-preview:-1\" \/>\n<link rel=\"canonical\" href=\"https:\/\/www.spokojnyzajac.sk\/index.php\/produkt\/horec-tibetsky\/\" \/>\n<meta property=\"og:locale\" content=\"sk_SK\" \/>\n<meta property=\"og:type\" content=\"article\" \/>\n<meta property=\"og:title\" content=\"Horec tibetsk\u00fd - Z\u00c1HRADN\u00cdCTVO\" \/>\n<meta property=\"og:description\" content=\"Horec tibetsk\u00fd je vz\u00e1cna a kr\u00e1sna bylinn\u00e1 trvalka z himal\u00e1jskych \u00fap\u00e4t\u00ed \u010c\u00edny a Tibetu. \u013dahko sa pestuje a prisp\u00f4sobuje. Toleruje mnoh\u00e9 typy p\u00f4dy.\" \/>\n<meta property=\"og:url\" content=\"https:\/\/www.spokojnyzajac.sk\/index.php\/produkt\/horec-tibetsky\/\" \/>\n<meta property=\"og:site_name\" content=\"Z\u00c1HRADN\u00cdCTVO\" \/>\n<meta property=\"article:publisher\" content=\"https:\/\/www.facebook.com\/spokojnyzajac\/\" \/>\n<meta property=\"article:modified_time\" content=\"2025-01-17T13:54:38+00:00\" \/>\n<meta property=\"og:image\" content=\"https:\/\/www.spokojnyzajac.sk\/wp-content\/uploads\/2023\/08\/horec-tibetsky04.webp\" \/>\n\t<meta property=\"og:image:width\" content=\"500\" \/>\n\t<meta property=\"og:image:height\" content=\"500\" \/>\n\t<meta property=\"og:image:type\" content=\"image\/webp\" \/>\n<meta name=\"twitter:card\" content=\"summary_large_image\" \/>\n<meta name=\"twitter:label1\" content=\"Predpokladan\u00fd \u010das \u010d\u00edtania\" \/>\n\t<meta name=\"twitter:data1\" content=\"1 min\u00fata\" \/>\n<script type=\"application\/ld+json\" class=\"yoast-schema-graph\">{\"@context\":\"https:\\\/\\\/schema.org\",\"@graph\":[{\"@type\":\"WebPage\",\"@id\":\"https:\\\/\\\/www.spokojnyzajac.sk\\\/index.php\\\/produkt\\\/horec-tibetsky\\\/\",\"url\":\"https:\\\/\\\/www.spokojnyzajac.sk\\\/index.php\\\/produkt\\\/horec-tibetsky\\\/\",\"name\":\"Horec tibetsk\u00fd - Z\u00c1HRADN\u00cdCTVO\",\"isPartOf\":{\"@id\":\"https:\\\/\\\/www.spokojnyzajac.sk\\\/#website\"},\"primaryImageOfPage\":{\"@id\":\"https:\\\/\\\/www.spokojnyzajac.sk\\\/index.php\\\/produkt\\\/horec-tibetsky\\\/#primaryimage\"},\"image\":{\"@id\":\"https:\\\/\\\/www.spokojnyzajac.sk\\\/index.php\\\/produkt\\\/horec-tibetsky\\\/#primaryimage\"},\"thumbnailUrl\":\"https:\\\/\\\/i0.wp.com\\\/www.spokojnyzajac.sk\\\/wp-content\\\/uploads\\\/2023\\\/08\\\/horec-tibetsky04.webp?fit=500%2C500&ssl=1\",\"datePublished\":\"2023-08-17T08:28:25+00:00\",\"dateModified\":\"2025-01-17T13:54:38+00:00\",\"description\":\"Horec tibetsk\u00fd je vz\u00e1cna a kr\u00e1sna bylinn\u00e1 trvalka z himal\u00e1jskych \u00fap\u00e4t\u00ed \u010c\u00edny a Tibetu. \u013dahko sa pestuje a prisp\u00f4sobuje. Toleruje mnoh\u00e9 typy p\u00f4dy.\",\"breadcrumb\":{\"@id\":\"https:\\\/\\\/www.spokojnyzajac.sk\\\/index.php\\\/produkt\\\/horec-tibetsky\\\/#breadcrumb\"},\"inLanguage\":\"sk-SK\",\"potentialAction\":[{\"@type\":\"ReadAction\",\"target\":[\"https:\\\/\\\/www.spokojnyzajac.sk\\\/index.php\\\/produkt\\\/horec-tibetsky\\\/\"]}]},{\"@type\":\"ImageObject\",\"inLanguage\":\"sk-SK\",\"@id\":\"https:\\\/\\\/www.spokojnyzajac.sk\\\/index.php\\\/produkt\\\/horec-tibetsky\\\/#primaryimage\",\"url\":\"https:\\\/\\\/i0.wp.com\\\/www.spokojnyzajac.sk\\\/wp-content\\\/uploads\\\/2023\\\/08\\\/horec-tibetsky04.webp?fit=500%2C500&ssl=1\",\"contentUrl\":\"https:\\\/\\\/i0.wp.com\\\/www.spokojnyzajac.sk\\\/wp-content\\\/uploads\\\/2023\\\/08\\\/horec-tibetsky04.webp?fit=500%2C500&ssl=1\",\"width\":500,\"height\":500},{\"@type\":\"BreadcrumbList\",\"@id\":\"https:\\\/\\\/www.spokojnyzajac.sk\\\/index.php\\\/produkt\\\/horec-tibetsky\\\/#breadcrumb\",\"itemListElement\":[{\"@type\":\"ListItem\",\"position\":1,\"name\":\"Domovsk\u00e1 str\u00e1nka\",\"item\":\"https:\\\/\\\/www.spokojnyzajac.sk\\\/\"},{\"@type\":\"ListItem\",\"position\":2,\"name\":\"Produkty\",\"item\":\"https:\\\/\\\/www.spokojnyzajac.sk\\\/index.php\\\/obchod\\\/\"},{\"@type\":\"ListItem\",\"position\":3,\"name\":\"Horec tibetsk\u00fd\"}]},{\"@type\":\"WebSite\",\"@id\":\"https:\\\/\\\/www.spokojnyzajac.sk\\\/#website\",\"url\":\"https:\\\/\\\/www.spokojnyzajac.sk\\\/\",\"name\":\"Z\u00e1hradn\u00edctvo\",\"description\":\"Spokojn\u00fd zajac\",\"potentialAction\":[{\"@type\":\"SearchAction\",\"target\":{\"@type\":\"EntryPoint\",\"urlTemplate\":\"https:\\\/\\\/www.spokojnyzajac.sk\\\/?s={search_term_string}\"},\"query-input\":{\"@type\":\"PropertyValueSpecification\",\"valueRequired\":true,\"valueName\":\"search_term_string\"}}],\"inLanguage\":\"sk-SK\"}]}<\/script>\n<!-- \/ Yoast SEO plugin. -->","yoast_head_json":{"title":"Horec tibetsk\u00fd - Z\u00c1HRADN\u00cdCTVO","description":"Horec tibetsk\u00fd je vz\u00e1cna a kr\u00e1sna bylinn\u00e1 trvalka z himal\u00e1jskych \u00fap\u00e4t\u00ed \u010c\u00edny a Tibetu. \u013dahko sa pestuje a prisp\u00f4sobuje. Toleruje mnoh\u00e9 typy p\u00f4dy.","robots":{"index":"index","follow":"follow","max-snippet":"max-snippet:-1","max-image-preview":"max-image-preview:large","max-video-preview":"max-video-preview:-1"},"canonical":"https:\/\/www.spokojnyzajac.sk\/index.php\/produkt\/horec-tibetsky\/","og_locale":"sk_SK","og_type":"article","og_title":"Horec tibetsk\u00fd - Z\u00c1HRADN\u00cdCTVO","og_description":"Horec tibetsk\u00fd je vz\u00e1cna a kr\u00e1sna bylinn\u00e1 trvalka z himal\u00e1jskych \u00fap\u00e4t\u00ed \u010c\u00edny a Tibetu. \u013dahko sa pestuje a prisp\u00f4sobuje. Toleruje mnoh\u00e9 typy p\u00f4dy.","og_url":"https:\/\/www.spokojnyzajac.sk\/index.php\/produkt\/horec-tibetsky\/","og_site_name":"Z\u00c1HRADN\u00cdCTVO","article_publisher":"https:\/\/www.facebook.com\/spokojnyzajac\/","article_modified_time":"2025-01-17T13:54:38+00:00","og_image":[{"width":500,"height":500,"url":"https:\/\/www.spokojnyzajac.sk\/wp-content\/uploads\/2023\/08\/horec-tibetsky04.webp","type":"image\/webp"}],"twitter_card":"summary_large_image","twitter_misc":{"Predpokladan\u00fd \u010das \u010d\u00edtania":"1 min\u00fata"},"schema":{"@context":"https:\/\/schema.org","@graph":[{"@type":"WebPage","@id":"https:\/\/www.spokojnyzajac.sk\/index.php\/produkt\/horec-tibetsky\/","url":"https:\/\/www.spokojnyzajac.sk\/index.php\/produkt\/horec-tibetsky\/","name":"Horec tibetsk\u00fd - Z\u00c1HRADN\u00cdCTVO","isPartOf":{"@id":"https:\/\/www.spokojnyzajac.sk\/#website"},"primaryImageOfPage":{"@id":"https:\/\/www.spokojnyzajac.sk\/index.php\/produkt\/horec-tibetsky\/#primaryimage"},"image":{"@id":"https:\/\/www.spokojnyzajac.sk\/index.php\/produkt\/horec-tibetsky\/#primaryimage"},"thumbnailUrl":"https:\/\/i0.wp.com\/www.spokojnyzajac.sk\/wp-content\/uploads\/2023\/08\/horec-tibetsky04.webp?fit=500%2C500&ssl=1","datePublished":"2023-08-17T08:28:25+00:00","dateModified":"2025-01-17T13:54:38+00:00","description":"Horec tibetsk\u00fd je vz\u00e1cna a kr\u00e1sna bylinn\u00e1 trvalka z himal\u00e1jskych \u00fap\u00e4t\u00ed \u010c\u00edny a Tibetu. \u013dahko sa pestuje a prisp\u00f4sobuje. Toleruje mnoh\u00e9 typy p\u00f4dy.","breadcrumb":{"@id":"https:\/\/www.spokojnyzajac.sk\/index.php\/produkt\/horec-tibetsky\/#breadcrumb"},"inLanguage":"sk-SK","potentialAction":[{"@type":"ReadAction","target":["https:\/\/www.spokojnyzajac.sk\/index.php\/produkt\/horec-tibetsky\/"]}]},{"@type":"ImageObject","inLanguage":"sk-SK","@id":"https:\/\/www.spokojnyzajac.sk\/index.php\/produkt\/horec-tibetsky\/#primaryimage","url":"https:\/\/i0.wp.com\/www.spokojnyzajac.sk\/wp-content\/uploads\/2023\/08\/horec-tibetsky04.webp?fit=500%2C500&ssl=1","contentUrl":"https:\/\/i0.wp.com\/www.spokojnyzajac.sk\/wp-content\/uploads\/2023\/08\/horec-tibetsky04.webp?fit=500%2C500&ssl=1","width":500,"height":500},{"@type":"BreadcrumbList","@id":"https:\/\/www.spokojnyzajac.sk\/index.php\/produkt\/horec-tibetsky\/#breadcrumb","itemListElement":[{"@type":"ListItem","position":1,"name":"Domovsk\u00e1 str\u00e1nka","item":"https:\/\/www.spokojnyzajac.sk\/"},{"@type":"ListItem","position":2,"name":"Produkty","item":"https:\/\/www.spokojnyzajac.sk\/index.php\/obchod\/"},{"@type":"ListItem","position":3,"name":"Horec tibetsk\u00fd"}]},{"@type":"WebSite","@id":"https:\/\/www.spokojnyzajac.sk\/#website","url":"https:\/\/www.spokojnyzajac.sk\/","name":"Z\u00e1hradn\u00edctvo","description":"Spokojn\u00fd zajac","potentialAction":[{"@type":"SearchAction","target":{"@type":"EntryPoint","urlTemplate":"https:\/\/www.spokojnyzajac.sk\/?s={search_term_string}"},"query-input":{"@type":"PropertyValueSpecification","valueRequired":true,"valueName":"search_term_string"}}],"inLanguage":"sk-SK"}]}},"jetpack_sharing_enabled":true,"_links":{"self":[{"href":"https:\/\/www.spokojnyzajac.sk\/index.php\/wp-json\/wp\/v2\/product\/614","targetHints":{"allow":["GET"]}}],"collection":[{"href":"https:\/\/www.spokojnyzajac.sk\/index.php\/wp-json\/wp\/v2\/product"}],"about":[{"href":"https:\/\/www.spokojnyzajac.sk\/index.php\/wp-json\/wp\/v2\/types\/product"}],"replies":[{"embeddable":true,"href":"https:\/\/www.spokojnyzajac.sk\/index.php\/wp-json\/wp\/v2\/comments?post=614"}],"wp:featuredmedia":[{"embeddable":true,"href":"https:\/\/www.spokojnyzajac.sk\/index.php\/wp-json\/wp\/v2\/media\/944"}],"wp:attachment":[{"href":"https:\/\/www.spokojnyzajac.sk\/index.php\/wp-json\/wp\/v2\/media?parent=614"}],"wp:term":[{"taxonomy":"product_brand","embeddable":true,"href":"https:\/\/www.spokojnyzajac.sk\/index.php\/wp-json\/wp\/v2\/product_brand?post=614"},{"taxonomy":"product_cat","embeddable":true,"href":"https:\/\/www.spokojnyzajac.sk\/index.php\/wp-json\/wp\/v2\/product_cat?post=614"},{"taxonomy":"product_tag","embeddable":true,"href":"https:\/\/www.spokojnyzajac.sk\/index.php\/wp-json\/wp\/v2\/product_tag?post=614"}],"curies":[{"name":"wp","href":"https:\/\/api.w.org\/{rel}","templated":true}]}}