{"id":3254,"date":"2026-04-23T11:02:43","date_gmt":"2026-04-23T11:02:43","guid":{"rendered":"https:\/\/www.spokojnyzajac.sk\/?post_type=product&#038;p=3254"},"modified":"2026-04-23T11:02:43","modified_gmt":"2026-04-23T11:02:43","slug":"rakytnik-resetliakovy-pollmix-univerzalny-opelovac-samcia-rastlina-2l","status":"publish","type":"product","link":"https:\/\/www.spokojnyzajac.sk\/index.php\/produkt\/rakytnik-resetliakovy-pollmix-univerzalny-opelovac-samcia-rastlina-2l\/","title":{"rendered":"Rakytn\u00edk re\u0161etliakov\u00fd &#8218;Pollmix&#8216; \u2013 univerz\u00e1lny ope\u013eova\u010d (sam\u010dia rastlina) 2L"},"content":{"rendered":"<p data-path-to-node=\"12\"><b data-path-to-node=\"12\" data-index-in-node=\"0\">Rakytn\u00edk re\u0161etliakov\u00fd (Hippophae rhamnoides) &#8218;Pollmix&#8216;<\/b> je z\u00e1kladn\u00fdm pilierom ka\u017edej \u00faspe\u0161nej rakytn\u00edkovej plant\u00e1\u017ee alebo dom\u00e1cej z\u00e1hrady. Ke\u010f\u017ee rakytn\u00edk je <b data-path-to-node=\"12\" data-index-in-node=\"156\">dvojdom\u00e1 rastlina (dioecious)<\/b>, sami\u010die rastliny potrebuj\u00fa k tvorbe svojich povestn\u00fdch oran\u017eov\u00fdch plodov pe\u013e zo sam\u010dej rastliny.<\/p>\n<h4 data-path-to-node=\"13\"><b data-path-to-node=\"13\" data-index-in-node=\"0\">Pre\u010do je &#8218;Pollmix&#8216; k\u013e\u00fa\u010dov\u00fd pre va\u0161u z\u00e1hradu?<\/b><\/h4>\n<ul data-path-to-node=\"14\">\n<li>\n<p data-path-to-node=\"14,0,0\"><b data-path-to-node=\"14,0,0\" data-index-in-node=\"0\">Maxim\u00e1lna efektivita opelenia:<\/b> T\u00e1to odroda bola vy\u0161\u013eachten\u00e1 pre pred\u013a\u017een\u00fa dobu kvitnutia a vysok\u00fa vitalitu pe\u013eu. Pod\u013ea \u0161t\u00fadi\u00ed <i data-path-to-node=\"14,0,0\" data-index-in-node=\"126\">Cornell University<\/i>, rakytn\u00edk je prim\u00e1rne vetroopeliv\u00e1 rastlina, preto je strategick\u00e9 umiestnenie sam\u010dieho ope\u013eova\u010da proti smeru prevl\u00e1daj\u00facich vetrov k\u013e\u00fa\u010dom k bohatej \u00farode.<\/p>\n<\/li>\n<li>\n<p data-path-to-node=\"14,1,0\"><b data-path-to-node=\"14,1,0\" data-index-in-node=\"0\">Fix\u00e1cia dus\u00edka a regener\u00e1cia p\u00f4dy:<\/b> Rovnako ako sami\u010die odrody, aj ope\u013eova\u010d &#8218;Pollmix&#8216; disponuje schopnos\u0165ou symbi\u00f3zy s p\u00f4dnymi bakt\u00e9riami rodu <i data-path-to-node=\"14,1,0\" data-index-in-node=\"142\">Frankia<\/i>. <i data-path-to-node=\"14,1,0\" data-index-in-node=\"151\">Michigan State University (MSU Extension)<\/i> uv\u00e1dza, \u017ee rakytn\u00edk dok\u00e1\u017ee fixova\u0165 a\u017e <span class=\"math-inline\" data-math=\"60-180 \\text{ kg}\" data-index-in-node=\"231\">60-180kg<\/span>\u00a0dus\u00edka na hekt\u00e1r ro\u010dne, \u010d\u00edm prirodzene hnoj\u00ed nielen seba, ale aj okolit\u00e9 rastliny.<\/p>\n<\/li>\n<li>\n<p data-path-to-node=\"14,2,0\"><b data-path-to-node=\"14,2,0\" data-index-in-node=\"0\">Vysok\u00e1 odolnos\u0165:<\/b> T\u00e1to odroda je extr\u00e9mne odoln\u00e1 vo\u010di mrazu, suchu a mestsk\u00e9mu zne\u010disteniu. V\u010faka svojim hlbok\u00fdm kore\u0148om sl\u00fa\u017ei aj ako v\u00fdborn\u00fd spev\u0148ova\u010d svahov a vetrolam.<\/p>\n<\/li>\n<\/ul>\n<h4 data-path-to-node=\"15\"><b data-path-to-node=\"15\" data-index-in-node=\"0\">Technick\u00e9 odpor\u00fa\u010dania pre v\u00fdsadbu:<\/b><\/h4>\n<p data-path-to-node=\"16\">Pre optim\u00e1lne v\u00fdsledky odpor\u00fa\u010dame pomer <b data-path-to-node=\"16\" data-index-in-node=\"40\">1 sam\u010diu rastlinu na maxim\u00e1lne 5 a\u017e 8 sami\u010d\u00edch rastl\u00edn<\/b>. Vzdialenos\u0165 medzi ope\u013eova\u010dom a samicami by nemala presiahnu\u0165 10-15 metrov kv\u00f4li efekt\u00edvnemu prenosu pe\u013eu vetrom.<\/p>\n","protected":false},"excerpt":{"rendered":"<p data-path-to-node=\"8\">&#8218;Pollmix&#8216; je \u0161peci\u00e1lne vyselektovan\u00e1 sam\u010dia odroda rakytn\u00edka, ktor\u00e1 neprin\u00e1\u0161a plody, ale produkuje obrovsk\u00e9 mno\u017estvo pe\u013eu nevyhnutn\u00e9ho pre \u00farodu sami\u010d\u00edch odr\u00f4d (napr. Slun\u00ed\u010dko, Leikora). Jedna rastlina dok\u00e1\u017ee efekt\u00edvne opeli\u0165 5 a\u017e 8 sami\u010d\u00edch kr\u00edkov v okol\u00ed. Je to nen\u00e1ro\u010dn\u00e1 a mrazuvzdorn\u00e1 drevina s vysokou okrasnou hodnotou v\u010faka strieborn\u00fdm listom.<\/p>\n<p data-path-to-node=\"8\"><b data-path-to-node=\"9,0\" data-index-in-node=\"0\">Doru\u010dujeme len v okresoch PP, KK, BR, SNV.<\/b><\/p>\n","protected":false},"featured_media":3256,"comment_status":"open","ping_status":"closed","template":"","meta":{"_monsterinsights_skip_tracking":false,"_monsterinsights_sitenote_active":false,"_monsterinsights_sitenote_note":"","_monsterinsights_sitenote_category":0},"product_brand":[],"product_cat":[53,100,16],"product_tag":[],"class_list":{"0":"post-3254","1":"product","2":"type-product","3":"status-publish","4":"has-post-thumbnail","6":"product_cat-drobne-ovocie","7":"product_cat-netradicne-ovocie","8":"product_cat-zive-rastliny","10":"first","11":"instock","12":"taxable","13":"shipping-taxable","14":"purchasable","15":"product-type-simple"},"yoast_head":"<!-- This site is optimized with the Yoast SEO plugin v27.5 - https:\/\/yoast.com\/product\/yoast-seo-wordpress\/ -->\n<title>Rakytn\u00edk re\u0161etliakov\u00fd &#039;Pollmix&#039; \u2013 univerz\u00e1lny ope\u013eova\u010d (sam\u010dia rastlina) 2L - Z\u00c1HRADN\u00cdCTVO<\/title>\n<meta name=\"description\" content=\"Bez ope\u013eova\u010da rakytn\u00edk nerod\u00ed! Rakytn\u00edk ope\u013eova\u010d Pollmix zabezpe\u010d\u00ed bohat\u00fa \u00farodu pre va\u0161e sami\u010die rastliny. Odoln\u00e1 a siln\u00e1 sadenica. Objednajte online u expertov.\" \/>\n<meta name=\"robots\" content=\"index, follow, max-snippet:-1, max-image-preview:large, max-video-preview:-1\" \/>\n<link rel=\"canonical\" href=\"https:\/\/www.spokojnyzajac.sk\/index.php\/produkt\/rakytnik-resetliakovy-pollmix-univerzalny-opelovac-samcia-rastlina-2l\/\" \/>\n<meta property=\"og:locale\" content=\"sk_SK\" \/>\n<meta property=\"og:type\" content=\"article\" \/>\n<meta property=\"og:title\" content=\"Rakytn\u00edk re\u0161etliakov\u00fd &#039;Pollmix&#039; \u2013 univerz\u00e1lny ope\u013eova\u010d (sam\u010dia rastlina) 2L - Z\u00c1HRADN\u00cdCTVO\" \/>\n<meta property=\"og:description\" content=\"Bez ope\u013eova\u010da rakytn\u00edk nerod\u00ed! Rakytn\u00edk ope\u013eova\u010d Pollmix zabezpe\u010d\u00ed bohat\u00fa \u00farodu pre va\u0161e sami\u010die rastliny. Odoln\u00e1 a siln\u00e1 sadenica. Objednajte online u expertov.\" \/>\n<meta property=\"og:url\" content=\"https:\/\/www.spokojnyzajac.sk\/index.php\/produkt\/rakytnik-resetliakovy-pollmix-univerzalny-opelovac-samcia-rastlina-2l\/\" \/>\n<meta property=\"og:site_name\" content=\"Z\u00c1HRADN\u00cdCTVO\" \/>\n<meta property=\"article:publisher\" content=\"https:\/\/www.facebook.com\/spokojnyzajac\/\" \/>\n<meta property=\"og:image\" content=\"https:\/\/www.spokojnyzajac.sk\/wp-content\/uploads\/2026\/04\/hippophae_rhamnoides_pollmix.webp\" \/>\n\t<meta property=\"og:image:width\" content=\"500\" \/>\n\t<meta property=\"og:image:height\" content=\"500\" \/>\n\t<meta property=\"og:image:type\" content=\"image\/webp\" \/>\n<meta name=\"twitter:card\" content=\"summary_large_image\" \/>\n<meta name=\"twitter:label1\" content=\"Predpokladan\u00fd \u010das \u010d\u00edtania\" \/>\n\t<meta name=\"twitter:data1\" content=\"2 min\u00faty\" \/>\n<script type=\"application\/ld+json\" class=\"yoast-schema-graph\">{\"@context\":\"https:\\\/\\\/schema.org\",\"@graph\":[{\"@type\":\"WebPage\",\"@id\":\"https:\\\/\\\/www.spokojnyzajac.sk\\\/index.php\\\/produkt\\\/rakytnik-resetliakovy-pollmix-univerzalny-opelovac-samcia-rastlina-2l\\\/\",\"url\":\"https:\\\/\\\/www.spokojnyzajac.sk\\\/index.php\\\/produkt\\\/rakytnik-resetliakovy-pollmix-univerzalny-opelovac-samcia-rastlina-2l\\\/\",\"name\":\"Rakytn\u00edk re\u0161etliakov\u00fd 'Pollmix' \u2013 univerz\u00e1lny ope\u013eova\u010d (sam\u010dia rastlina) 2L - Z\u00c1HRADN\u00cdCTVO\",\"isPartOf\":{\"@id\":\"https:\\\/\\\/www.spokojnyzajac.sk\\\/#website\"},\"primaryImageOfPage\":{\"@id\":\"https:\\\/\\\/www.spokojnyzajac.sk\\\/index.php\\\/produkt\\\/rakytnik-resetliakovy-pollmix-univerzalny-opelovac-samcia-rastlina-2l\\\/#primaryimage\"},\"image\":{\"@id\":\"https:\\\/\\\/www.spokojnyzajac.sk\\\/index.php\\\/produkt\\\/rakytnik-resetliakovy-pollmix-univerzalny-opelovac-samcia-rastlina-2l\\\/#primaryimage\"},\"thumbnailUrl\":\"https:\\\/\\\/i0.wp.com\\\/www.spokojnyzajac.sk\\\/wp-content\\\/uploads\\\/2026\\\/04\\\/hippophae_rhamnoides_pollmix.webp?fit=500%2C500&ssl=1\",\"datePublished\":\"2026-04-23T11:02:43+00:00\",\"description\":\"Bez ope\u013eova\u010da rakytn\u00edk nerod\u00ed! Rakytn\u00edk ope\u013eova\u010d Pollmix zabezpe\u010d\u00ed bohat\u00fa \u00farodu pre va\u0161e sami\u010die rastliny. Odoln\u00e1 a siln\u00e1 sadenica. Objednajte online u expertov.\",\"breadcrumb\":{\"@id\":\"https:\\\/\\\/www.spokojnyzajac.sk\\\/index.php\\\/produkt\\\/rakytnik-resetliakovy-pollmix-univerzalny-opelovac-samcia-rastlina-2l\\\/#breadcrumb\"},\"inLanguage\":\"sk-SK\",\"potentialAction\":[{\"@type\":\"ReadAction\",\"target\":[\"https:\\\/\\\/www.spokojnyzajac.sk\\\/index.php\\\/produkt\\\/rakytnik-resetliakovy-pollmix-univerzalny-opelovac-samcia-rastlina-2l\\\/\"]}]},{\"@type\":\"ImageObject\",\"inLanguage\":\"sk-SK\",\"@id\":\"https:\\\/\\\/www.spokojnyzajac.sk\\\/index.php\\\/produkt\\\/rakytnik-resetliakovy-pollmix-univerzalny-opelovac-samcia-rastlina-2l\\\/#primaryimage\",\"url\":\"https:\\\/\\\/i0.wp.com\\\/www.spokojnyzajac.sk\\\/wp-content\\\/uploads\\\/2026\\\/04\\\/hippophae_rhamnoides_pollmix.webp?fit=500%2C500&ssl=1\",\"contentUrl\":\"https:\\\/\\\/i0.wp.com\\\/www.spokojnyzajac.sk\\\/wp-content\\\/uploads\\\/2026\\\/04\\\/hippophae_rhamnoides_pollmix.webp?fit=500%2C500&ssl=1\",\"width\":500,\"height\":500},{\"@type\":\"BreadcrumbList\",\"@id\":\"https:\\\/\\\/www.spokojnyzajac.sk\\\/index.php\\\/produkt\\\/rakytnik-resetliakovy-pollmix-univerzalny-opelovac-samcia-rastlina-2l\\\/#breadcrumb\",\"itemListElement\":[{\"@type\":\"ListItem\",\"position\":1,\"name\":\"Domovsk\u00e1 str\u00e1nka\",\"item\":\"https:\\\/\\\/www.spokojnyzajac.sk\\\/\"},{\"@type\":\"ListItem\",\"position\":2,\"name\":\"Produkty\",\"item\":\"https:\\\/\\\/www.spokojnyzajac.sk\\\/index.php\\\/obchod\\\/\"},{\"@type\":\"ListItem\",\"position\":3,\"name\":\"Rakytn\u00edk re\u0161etliakov\u00fd &#8218;Pollmix&#8216; \u2013 univerz\u00e1lny ope\u013eova\u010d (sam\u010dia rastlina) 2L\"}]},{\"@type\":\"WebSite\",\"@id\":\"https:\\\/\\\/www.spokojnyzajac.sk\\\/#website\",\"url\":\"https:\\\/\\\/www.spokojnyzajac.sk\\\/\",\"name\":\"Z\u00e1hradn\u00edctvo\",\"description\":\"Spokojn\u00fd zajac\",\"potentialAction\":[{\"@type\":\"SearchAction\",\"target\":{\"@type\":\"EntryPoint\",\"urlTemplate\":\"https:\\\/\\\/www.spokojnyzajac.sk\\\/?s={search_term_string}\"},\"query-input\":{\"@type\":\"PropertyValueSpecification\",\"valueRequired\":true,\"valueName\":\"search_term_string\"}}],\"inLanguage\":\"sk-SK\"}]}<\/script>\n<!-- \/ Yoast SEO plugin. -->","yoast_head_json":{"title":"Rakytn\u00edk re\u0161etliakov\u00fd 'Pollmix' \u2013 univerz\u00e1lny ope\u013eova\u010d (sam\u010dia rastlina) 2L - Z\u00c1HRADN\u00cdCTVO","description":"Bez ope\u013eova\u010da rakytn\u00edk nerod\u00ed! Rakytn\u00edk ope\u013eova\u010d Pollmix zabezpe\u010d\u00ed bohat\u00fa \u00farodu pre va\u0161e sami\u010die rastliny. Odoln\u00e1 a siln\u00e1 sadenica. Objednajte online u expertov.","robots":{"index":"index","follow":"follow","max-snippet":"max-snippet:-1","max-image-preview":"max-image-preview:large","max-video-preview":"max-video-preview:-1"},"canonical":"https:\/\/www.spokojnyzajac.sk\/index.php\/produkt\/rakytnik-resetliakovy-pollmix-univerzalny-opelovac-samcia-rastlina-2l\/","og_locale":"sk_SK","og_type":"article","og_title":"Rakytn\u00edk re\u0161etliakov\u00fd 'Pollmix' \u2013 univerz\u00e1lny ope\u013eova\u010d (sam\u010dia rastlina) 2L - Z\u00c1HRADN\u00cdCTVO","og_description":"Bez ope\u013eova\u010da rakytn\u00edk nerod\u00ed! Rakytn\u00edk ope\u013eova\u010d Pollmix zabezpe\u010d\u00ed bohat\u00fa \u00farodu pre va\u0161e sami\u010die rastliny. Odoln\u00e1 a siln\u00e1 sadenica. Objednajte online u expertov.","og_url":"https:\/\/www.spokojnyzajac.sk\/index.php\/produkt\/rakytnik-resetliakovy-pollmix-univerzalny-opelovac-samcia-rastlina-2l\/","og_site_name":"Z\u00c1HRADN\u00cdCTVO","article_publisher":"https:\/\/www.facebook.com\/spokojnyzajac\/","og_image":[{"width":500,"height":500,"url":"https:\/\/www.spokojnyzajac.sk\/wp-content\/uploads\/2026\/04\/hippophae_rhamnoides_pollmix.webp","type":"image\/webp"}],"twitter_card":"summary_large_image","twitter_misc":{"Predpokladan\u00fd \u010das \u010d\u00edtania":"2 min\u00faty"},"schema":{"@context":"https:\/\/schema.org","@graph":[{"@type":"WebPage","@id":"https:\/\/www.spokojnyzajac.sk\/index.php\/produkt\/rakytnik-resetliakovy-pollmix-univerzalny-opelovac-samcia-rastlina-2l\/","url":"https:\/\/www.spokojnyzajac.sk\/index.php\/produkt\/rakytnik-resetliakovy-pollmix-univerzalny-opelovac-samcia-rastlina-2l\/","name":"Rakytn\u00edk re\u0161etliakov\u00fd 'Pollmix' \u2013 univerz\u00e1lny ope\u013eova\u010d (sam\u010dia rastlina) 2L - Z\u00c1HRADN\u00cdCTVO","isPartOf":{"@id":"https:\/\/www.spokojnyzajac.sk\/#website"},"primaryImageOfPage":{"@id":"https:\/\/www.spokojnyzajac.sk\/index.php\/produkt\/rakytnik-resetliakovy-pollmix-univerzalny-opelovac-samcia-rastlina-2l\/#primaryimage"},"image":{"@id":"https:\/\/www.spokojnyzajac.sk\/index.php\/produkt\/rakytnik-resetliakovy-pollmix-univerzalny-opelovac-samcia-rastlina-2l\/#primaryimage"},"thumbnailUrl":"https:\/\/i0.wp.com\/www.spokojnyzajac.sk\/wp-content\/uploads\/2026\/04\/hippophae_rhamnoides_pollmix.webp?fit=500%2C500&ssl=1","datePublished":"2026-04-23T11:02:43+00:00","description":"Bez ope\u013eova\u010da rakytn\u00edk nerod\u00ed! Rakytn\u00edk ope\u013eova\u010d Pollmix zabezpe\u010d\u00ed bohat\u00fa \u00farodu pre va\u0161e sami\u010die rastliny. Odoln\u00e1 a siln\u00e1 sadenica. Objednajte online u expertov.","breadcrumb":{"@id":"https:\/\/www.spokojnyzajac.sk\/index.php\/produkt\/rakytnik-resetliakovy-pollmix-univerzalny-opelovac-samcia-rastlina-2l\/#breadcrumb"},"inLanguage":"sk-SK","potentialAction":[{"@type":"ReadAction","target":["https:\/\/www.spokojnyzajac.sk\/index.php\/produkt\/rakytnik-resetliakovy-pollmix-univerzalny-opelovac-samcia-rastlina-2l\/"]}]},{"@type":"ImageObject","inLanguage":"sk-SK","@id":"https:\/\/www.spokojnyzajac.sk\/index.php\/produkt\/rakytnik-resetliakovy-pollmix-univerzalny-opelovac-samcia-rastlina-2l\/#primaryimage","url":"https:\/\/i0.wp.com\/www.spokojnyzajac.sk\/wp-content\/uploads\/2026\/04\/hippophae_rhamnoides_pollmix.webp?fit=500%2C500&ssl=1","contentUrl":"https:\/\/i0.wp.com\/www.spokojnyzajac.sk\/wp-content\/uploads\/2026\/04\/hippophae_rhamnoides_pollmix.webp?fit=500%2C500&ssl=1","width":500,"height":500},{"@type":"BreadcrumbList","@id":"https:\/\/www.spokojnyzajac.sk\/index.php\/produkt\/rakytnik-resetliakovy-pollmix-univerzalny-opelovac-samcia-rastlina-2l\/#breadcrumb","itemListElement":[{"@type":"ListItem","position":1,"name":"Domovsk\u00e1 str\u00e1nka","item":"https:\/\/www.spokojnyzajac.sk\/"},{"@type":"ListItem","position":2,"name":"Produkty","item":"https:\/\/www.spokojnyzajac.sk\/index.php\/obchod\/"},{"@type":"ListItem","position":3,"name":"Rakytn\u00edk re\u0161etliakov\u00fd &#8218;Pollmix&#8216; \u2013 univerz\u00e1lny ope\u013eova\u010d (sam\u010dia rastlina) 2L"}]},{"@type":"WebSite","@id":"https:\/\/www.spokojnyzajac.sk\/#website","url":"https:\/\/www.spokojnyzajac.sk\/","name":"Z\u00e1hradn\u00edctvo","description":"Spokojn\u00fd zajac","potentialAction":[{"@type":"SearchAction","target":{"@type":"EntryPoint","urlTemplate":"https:\/\/www.spokojnyzajac.sk\/?s={search_term_string}"},"query-input":{"@type":"PropertyValueSpecification","valueRequired":true,"valueName":"search_term_string"}}],"inLanguage":"sk-SK"}]}},"jetpack_sharing_enabled":true,"_links":{"self":[{"href":"https:\/\/www.spokojnyzajac.sk\/index.php\/wp-json\/wp\/v2\/product\/3254","targetHints":{"allow":["GET"]}}],"collection":[{"href":"https:\/\/www.spokojnyzajac.sk\/index.php\/wp-json\/wp\/v2\/product"}],"about":[{"href":"https:\/\/www.spokojnyzajac.sk\/index.php\/wp-json\/wp\/v2\/types\/product"}],"replies":[{"embeddable":true,"href":"https:\/\/www.spokojnyzajac.sk\/index.php\/wp-json\/wp\/v2\/comments?post=3254"}],"wp:featuredmedia":[{"embeddable":true,"href":"https:\/\/www.spokojnyzajac.sk\/index.php\/wp-json\/wp\/v2\/media\/3256"}],"wp:attachment":[{"href":"https:\/\/www.spokojnyzajac.sk\/index.php\/wp-json\/wp\/v2\/media?parent=3254"}],"wp:term":[{"taxonomy":"product_brand","embeddable":true,"href":"https:\/\/www.spokojnyzajac.sk\/index.php\/wp-json\/wp\/v2\/product_brand?post=3254"},{"taxonomy":"product_cat","embeddable":true,"href":"https:\/\/www.spokojnyzajac.sk\/index.php\/wp-json\/wp\/v2\/product_cat?post=3254"},{"taxonomy":"product_tag","embeddable":true,"href":"https:\/\/www.spokojnyzajac.sk\/index.php\/wp-json\/wp\/v2\/product_tag?post=3254"}],"curies":[{"name":"wp","href":"https:\/\/api.w.org\/{rel}","templated":true}]}}