{"id":2377,"date":"2025-02-01T08:03:15","date_gmt":"2025-02-01T08:03:15","guid":{"rendered":"https:\/\/www.spokojnyzajac.sk\/?post_type=product&#038;p=2377"},"modified":"2025-07-21T12:54:15","modified_gmt":"2025-07-21T12:54:15","slug":"panicum-virgatum-warrior","status":"publish","type":"product","link":"https:\/\/www.spokojnyzajac.sk\/index.php\/produkt\/panicum-virgatum-warrior\/","title":{"rendered":"Panicum virgatum Warrior"},"content":{"rendered":"<h3 data-start=\"270\" data-end=\"306\"><strong data-start=\"277\" data-end=\"306\">Opis kultivaru &#8218;Warrior&#8216;<\/strong><\/h3>\n<ul data-start=\"308\" data-end=\"693\">\n<li data-start=\"308\" data-end=\"352\">\n<p data-start=\"310\" data-end=\"352\"><strong data-start=\"310\" data-end=\"320\">V\u00fd\u0161ka:<\/strong> cca 120\u2013150 cm, v kvete aj viac<\/p>\n<\/li>\n<li data-start=\"353\" data-end=\"378\">\n<p data-start=\"355\" data-end=\"378\"><strong data-start=\"355\" data-end=\"365\">\u0160\u00edrka:<\/strong> cca 60\u201380 cm<\/p>\n<\/li>\n<li data-start=\"379\" data-end=\"426\">\n<p data-start=\"381\" data-end=\"426\"><strong data-start=\"381\" data-end=\"393\">Habitus:<\/strong> vzpriamen\u00fd, kompaktn\u00fd, hust\u00fd trs<\/p>\n<\/li>\n<li data-start=\"427\" data-end=\"493\">\n<p data-start=\"429\" data-end=\"493\"><strong data-start=\"429\" data-end=\"439\">Listy:<\/strong> \u00fazke, zelen\u00e9, na jese\u0148 sa menia na \u017elt\u00e9 a\u017e zlatohned\u00e9<\/p>\n<\/li>\n<li data-start=\"494\" data-end=\"578\">\n<p data-start=\"496\" data-end=\"578\"><strong data-start=\"496\" data-end=\"505\">Kvet:<\/strong> jemn\u00e9, vzdu\u0161n\u00e9 metliny nad listami \u2013 naj\u010dastej\u0161ie fialkast\u00e9 a\u017e purpurov\u00e9<\/p>\n<\/li>\n<li data-start=\"579\" data-end=\"623\">\n<p data-start=\"581\" data-end=\"623\"><strong data-start=\"581\" data-end=\"595\">Kvitnutie:<\/strong> od konca j\u00fala a\u017e do okt\u00f3bra<\/p>\n<\/li>\n<li data-start=\"624\" data-end=\"693\">\n<p data-start=\"626\" data-end=\"693\"><strong data-start=\"626\" data-end=\"642\">Zauj\u00edmavos\u0165:<\/strong> ve\u013emi odoln\u00e1 vo\u010di vetru, suchu, mrazom aj chorob\u00e1m<\/p>\n<\/li>\n<\/ul>\n<h3 data-start=\"700\" data-end=\"735\"><strong data-start=\"707\" data-end=\"735\">Stanovi\u0161te a pestovanie:<\/strong><\/h3>\n<ul data-start=\"737\" data-end=\"1090\">\n<li data-start=\"737\" data-end=\"769\">\n<p data-start=\"739\" data-end=\"769\"><strong data-start=\"739\" data-end=\"750\">Svetlo:<\/strong> slne\u010dn\u00e9 stanovi\u0161te<\/p>\n<\/li>\n<li data-start=\"770\" data-end=\"854\">\n<p data-start=\"772\" data-end=\"854\"><strong data-start=\"772\" data-end=\"781\">P\u00f4da:<\/strong> dobre priepustn\u00e1, stredne \u017eivn\u00e1 a\u017e chudobnej\u0161ia, mierne such\u00e1 a\u017e \u010derstv\u00e1<\/p>\n<\/li>\n<li data-start=\"855\" data-end=\"934\">\n<p data-start=\"857\" data-end=\"934\"><strong data-start=\"857\" data-end=\"870\">Z\u00e1lievka:<\/strong> po zakorenen\u00ed nepotrebuje zavla\u017eovanie (okrem extr\u00e9mneho sucha)<\/p>\n<\/li>\n<li data-start=\"935\" data-end=\"995\">\n<p data-start=\"937\" data-end=\"995\"><strong data-start=\"937\" data-end=\"945\">Rez:<\/strong> skoro na jar pri b\u00e1ze, pred ra\u0161en\u00edm nov\u00fdch listov<\/p>\n<\/li>\n<li data-start=\"996\" data-end=\"1090\">\n<p data-start=\"998\" data-end=\"1090\"><strong data-start=\"998\" data-end=\"1011\">Odolnos\u0165:<\/strong> plne mrazuvzdorn\u00e1 (do -30 \u00b0C), vhodn\u00e1 aj do vy\u0161\u0161\u00edch pol\u00f4h (aj nad 600 m n. m.)<\/p>\n<\/li>\n<\/ul>\n<h4 data-start=\"1295\" data-end=\"1326\"><strong data-start=\"1303\" data-end=\"1326\">Ide\u00e1lne kombin\u00e1cie:<\/strong><\/h4>\n<h5 data-start=\"1330\" data-end=\"1347\">\u00a0Trvalky:<\/h5>\n<ul data-start=\"1348\" data-end=\"1793\">\n<li data-start=\"1348\" data-end=\"1442\">\n<p data-start=\"1350\" data-end=\"1442\"><strong data-start=\"1350\" data-end=\"1372\">Echinacea purpurea<\/strong>\u00a0\u2013 fialov\u00e9 a\u017e ru\u017eov\u00e9 kvety kontrastuj\u00fa s jemnos\u0165ou tr\u00e1vy<\/p>\n<\/li>\n<li data-start=\"1443\" data-end=\"1510\">\n<p data-start=\"1445\" data-end=\"1510\"><strong data-start=\"1445\" data-end=\"1466\">Rudbeckia fulgida<\/strong>\u00a0 \u2013 \u017elt\u00e9 kvety, kvitn\u00fa s\u00fa\u010dasne<\/p>\n<\/li>\n<li data-start=\"1511\" data-end=\"1583\">\n<p data-start=\"1513\" data-end=\"1583\"><strong data-start=\"1513\" data-end=\"1541\">Perovskia atriplicifolia<\/strong>\u00a0 \u2013 modrofialov\u00e1, suchomiln\u00e1<\/p>\n<\/li>\n<li data-start=\"1584\" data-end=\"1668\">\n<p data-start=\"1586\" data-end=\"1668\"><strong data-start=\"1586\" data-end=\"1605\">Sedum &#8218;Matrona&#8216;<\/strong> alebo <strong data-start=\"1612\" data-end=\"1630\">&#8218;Herbstfreude&#8216;<\/strong> \u2013 sukulentn\u00e9 listy, neskor\u00e9 kvitnutie<\/p>\n<\/li>\n<li data-start=\"1669\" data-end=\"1738\">\n<p data-start=\"1671\" data-end=\"1738\"><strong data-start=\"1671\" data-end=\"1707\">Aster novi-belgii \/ novi-angliae<\/strong> \u2013 jese\u0148 a kontrastn\u00e1 farebnos\u0165<\/p>\n<\/li>\n<li data-start=\"1739\" data-end=\"1793\">\n<p data-start=\"1741\" data-end=\"1793\"><strong data-start=\"1741\" data-end=\"1761\">Nepeta faassenii<\/strong> \u2013 modrast\u00e9 t\u00f3ny, dlh\u00e9 kvitnutie<\/p>\n<\/li>\n<\/ul>\n<h5 data-start=\"1795\" data-end=\"1814\">\u00a0In\u00e9 tr\u00e1vy:<\/h5>\n<ul data-start=\"1815\" data-end=\"2009\">\n<li data-start=\"1815\" data-end=\"1881\">\n<p data-start=\"1817\" data-end=\"1881\"><strong data-start=\"1817\" data-end=\"1854\">Miscanthus sinensis &#8218;Gracillimus&#8216;<\/strong> \u2013 vy\u0161\u0161\u00ed kontrastn\u00fd habitus<\/p>\n<\/li>\n<li data-start=\"1882\" data-end=\"1947\">\n<p data-start=\"1884\" data-end=\"1947\"><strong data-start=\"1884\" data-end=\"1912\">Pennisetum alopecuroides<\/strong> \u2013 ni\u017e\u0161ia, m\u00e4kk\u00e1 text\u00fara<\/p>\n<\/li>\n<li data-start=\"1948\" data-end=\"2009\">\n<p data-start=\"1950\" data-end=\"2009\"><strong data-start=\"1950\" data-end=\"1976\">Sporobolus heterolepis<\/strong> \u2013 jemn\u00e1, vo\u0148av\u00e1 a ve\u013emi pr\u00edrodn\u00e1<\/p>\n<\/li>\n<\/ul>\n<h3 data-start=\"2016\" data-end=\"2036\"><strong data-start=\"2023\" data-end=\"2036\">Pou\u017eitie:<\/strong><\/h3>\n<ul data-start=\"2037\" data-end=\"2265\">\n<li data-start=\"2037\" data-end=\"2079\">\n<p data-start=\"2039\" data-end=\"2079\">Stepn\u00e1 v\u00fdsadba, pr\u00edrodn\u00e9 a l\u00fa\u010dne z\u00e1hrady<\/p>\n<\/li>\n<li data-start=\"2080\" data-end=\"2130\">\n<p data-start=\"2082\" data-end=\"2130\">Modern\u00e9 mestsk\u00e9 z\u00e1hony (mix s kvetmi aj kame\u0148om)<\/p>\n<\/li>\n<li data-start=\"2131\" data-end=\"2157\">\n<p data-start=\"2133\" data-end=\"2157\">Z\u00e1hrady s n\u00edzkou \u00fadr\u017ebou<\/p>\n<\/li>\n<li data-start=\"2158\" data-end=\"2203\">\n<p data-start=\"2160\" data-end=\"2203\">Z\u00e1hrady na vidieku aj v horsk\u00fdch oblastiach<\/p>\n<\/li>\n<li data-start=\"2204\" data-end=\"2265\">\n<p data-start=\"2206\" data-end=\"2265\">Skvel\u00e1 do <strong data-start=\"2216\" data-end=\"2238\">zimn\u00fdch kompoz\u00edci\u00ed<\/strong> \u2013 zachov\u00e1va tvar aj v zime<\/p>\n<\/li>\n<\/ul>\n","protected":false},"excerpt":{"rendered":"<p data-start=\"0\" data-end=\"263\"><strong data-start=\"0\" data-end=\"30\">Panicum virgatum &#8218;Warrior&#8216;<\/strong> (proso pr\u00fatnat\u00e9 &#8218;Warrior&#8216;) je okrasn\u00e1 trval\u00e1 tr\u00e1va, ktor\u00e1 patr\u00ed medzi kultivary p\u00f4vodn\u00e9ho severoamerick\u00e9ho druhu <strong data-start=\"145\" data-end=\"165\">Panicum virgatum<\/strong> \u2013 ve\u013emi ob\u013e\u00faben\u00e9ho pre svoju vzpriamen\u00fa formu, nen\u00e1ro\u010dnos\u0165 a atrakt\u00edvny vzh\u013ead po\u010das cel\u00e9ho roka.<\/p>\n","protected":false},"featured_media":2675,"comment_status":"open","ping_status":"closed","template":"","meta":{"_monsterinsights_skip_tracking":false,"_monsterinsights_sitenote_active":false,"_monsterinsights_sitenote_note":"","_monsterinsights_sitenote_category":0},"product_brand":[],"product_cat":[116,39,16],"product_tag":[76,80],"class_list":{"0":"post-2377","1":"product","2":"type-product","3":"status-publish","4":"has-post-thumbnail","6":"product_cat-travy","7":"product_cat-trvalky","8":"product_cat-zive-rastliny","9":"product_tag-kvety-na-rez","10":"product_tag-vhodne-na-susenie","12":"first","13":"instock","14":"taxable","15":"shipping-taxable","16":"purchasable","17":"product-type-simple"},"yoast_head":"<!-- This site is optimized with the Yoast SEO plugin v27.5 - https:\/\/yoast.com\/product\/yoast-seo-wordpress\/ -->\n<title>Panicum virgatum Warrior - Z\u00c1HRADN\u00cdCTVO<\/title>\n<meta name=\"robots\" content=\"index, follow, max-snippet:-1, max-image-preview:large, max-video-preview:-1\" \/>\n<link rel=\"canonical\" href=\"https:\/\/www.spokojnyzajac.sk\/index.php\/produkt\/panicum-virgatum-warrior\/\" \/>\n<meta property=\"og:locale\" content=\"sk_SK\" \/>\n<meta property=\"og:type\" content=\"article\" \/>\n<meta property=\"og:title\" content=\"Panicum virgatum Warrior - Z\u00c1HRADN\u00cdCTVO\" \/>\n<meta property=\"og:description\" content=\"Panicum virgatum &#039;Warrior&#039; (proso pr\u00fatnat\u00e9 &#039;Warrior&#039;) je okrasn\u00e1 trval\u00e1 tr\u00e1va, ktor\u00e1 patr\u00ed medzi kultivary p\u00f4vodn\u00e9ho severoamerick\u00e9ho druhu Panicum virgatum \u2013 ve\u013emi ob\u013e\u00faben\u00e9ho pre svoju vzpriamen\u00fa formu, nen\u00e1ro\u010dnos\u0165 a atrakt\u00edvny vzh\u013ead po\u010das cel\u00e9ho roka.\" \/>\n<meta property=\"og:url\" content=\"https:\/\/www.spokojnyzajac.sk\/index.php\/produkt\/panicum-virgatum-warrior\/\" \/>\n<meta property=\"og:site_name\" content=\"Z\u00c1HRADN\u00cdCTVO\" \/>\n<meta property=\"article:publisher\" content=\"https:\/\/www.facebook.com\/spokojnyzajac\/\" \/>\n<meta property=\"article:modified_time\" content=\"2025-07-21T12:54:15+00:00\" \/>\n<meta property=\"og:image\" content=\"https:\/\/www.spokojnyzajac.sk\/wp-content\/uploads\/2025\/02\/Panicum-virgatum-Warrior.webp\" \/>\n\t<meta property=\"og:image:width\" content=\"500\" \/>\n\t<meta property=\"og:image:height\" content=\"500\" \/>\n\t<meta property=\"og:image:type\" content=\"image\/webp\" \/>\n<meta name=\"twitter:card\" content=\"summary_large_image\" \/>\n<meta name=\"twitter:label1\" content=\"Predpokladan\u00fd \u010das \u010d\u00edtania\" \/>\n\t<meta name=\"twitter:data1\" content=\"2 min\u00faty\" \/>\n<script type=\"application\/ld+json\" class=\"yoast-schema-graph\">{\"@context\":\"https:\\\/\\\/schema.org\",\"@graph\":[{\"@type\":\"WebPage\",\"@id\":\"https:\\\/\\\/www.spokojnyzajac.sk\\\/index.php\\\/produkt\\\/panicum-virgatum-warrior\\\/\",\"url\":\"https:\\\/\\\/www.spokojnyzajac.sk\\\/index.php\\\/produkt\\\/panicum-virgatum-warrior\\\/\",\"name\":\"Panicum virgatum Warrior - Z\u00c1HRADN\u00cdCTVO\",\"isPartOf\":{\"@id\":\"https:\\\/\\\/www.spokojnyzajac.sk\\\/#website\"},\"primaryImageOfPage\":{\"@id\":\"https:\\\/\\\/www.spokojnyzajac.sk\\\/index.php\\\/produkt\\\/panicum-virgatum-warrior\\\/#primaryimage\"},\"image\":{\"@id\":\"https:\\\/\\\/www.spokojnyzajac.sk\\\/index.php\\\/produkt\\\/panicum-virgatum-warrior\\\/#primaryimage\"},\"thumbnailUrl\":\"https:\\\/\\\/i0.wp.com\\\/www.spokojnyzajac.sk\\\/wp-content\\\/uploads\\\/2025\\\/02\\\/Panicum-virgatum-Warrior.webp?fit=500%2C500&ssl=1\",\"datePublished\":\"2025-02-01T08:03:15+00:00\",\"dateModified\":\"2025-07-21T12:54:15+00:00\",\"breadcrumb\":{\"@id\":\"https:\\\/\\\/www.spokojnyzajac.sk\\\/index.php\\\/produkt\\\/panicum-virgatum-warrior\\\/#breadcrumb\"},\"inLanguage\":\"sk-SK\",\"potentialAction\":[{\"@type\":\"ReadAction\",\"target\":[\"https:\\\/\\\/www.spokojnyzajac.sk\\\/index.php\\\/produkt\\\/panicum-virgatum-warrior\\\/\"]}]},{\"@type\":\"ImageObject\",\"inLanguage\":\"sk-SK\",\"@id\":\"https:\\\/\\\/www.spokojnyzajac.sk\\\/index.php\\\/produkt\\\/panicum-virgatum-warrior\\\/#primaryimage\",\"url\":\"https:\\\/\\\/i0.wp.com\\\/www.spokojnyzajac.sk\\\/wp-content\\\/uploads\\\/2025\\\/02\\\/Panicum-virgatum-Warrior.webp?fit=500%2C500&ssl=1\",\"contentUrl\":\"https:\\\/\\\/i0.wp.com\\\/www.spokojnyzajac.sk\\\/wp-content\\\/uploads\\\/2025\\\/02\\\/Panicum-virgatum-Warrior.webp?fit=500%2C500&ssl=1\",\"width\":500,\"height\":500},{\"@type\":\"BreadcrumbList\",\"@id\":\"https:\\\/\\\/www.spokojnyzajac.sk\\\/index.php\\\/produkt\\\/panicum-virgatum-warrior\\\/#breadcrumb\",\"itemListElement\":[{\"@type\":\"ListItem\",\"position\":1,\"name\":\"Domovsk\u00e1 str\u00e1nka\",\"item\":\"https:\\\/\\\/www.spokojnyzajac.sk\\\/\"},{\"@type\":\"ListItem\",\"position\":2,\"name\":\"Produkty\",\"item\":\"https:\\\/\\\/www.spokojnyzajac.sk\\\/index.php\\\/obchod\\\/\"},{\"@type\":\"ListItem\",\"position\":3,\"name\":\"Panicum virgatum Warrior\"}]},{\"@type\":\"WebSite\",\"@id\":\"https:\\\/\\\/www.spokojnyzajac.sk\\\/#website\",\"url\":\"https:\\\/\\\/www.spokojnyzajac.sk\\\/\",\"name\":\"Z\u00e1hradn\u00edctvo\",\"description\":\"Spokojn\u00fd zajac\",\"potentialAction\":[{\"@type\":\"SearchAction\",\"target\":{\"@type\":\"EntryPoint\",\"urlTemplate\":\"https:\\\/\\\/www.spokojnyzajac.sk\\\/?s={search_term_string}\"},\"query-input\":{\"@type\":\"PropertyValueSpecification\",\"valueRequired\":true,\"valueName\":\"search_term_string\"}}],\"inLanguage\":\"sk-SK\"}]}<\/script>\n<!-- \/ Yoast SEO plugin. -->","yoast_head_json":{"title":"Panicum virgatum Warrior - Z\u00c1HRADN\u00cdCTVO","robots":{"index":"index","follow":"follow","max-snippet":"max-snippet:-1","max-image-preview":"max-image-preview:large","max-video-preview":"max-video-preview:-1"},"canonical":"https:\/\/www.spokojnyzajac.sk\/index.php\/produkt\/panicum-virgatum-warrior\/","og_locale":"sk_SK","og_type":"article","og_title":"Panicum virgatum Warrior - Z\u00c1HRADN\u00cdCTVO","og_description":"Panicum virgatum 'Warrior' (proso pr\u00fatnat\u00e9 'Warrior') je okrasn\u00e1 trval\u00e1 tr\u00e1va, ktor\u00e1 patr\u00ed medzi kultivary p\u00f4vodn\u00e9ho severoamerick\u00e9ho druhu Panicum virgatum \u2013 ve\u013emi ob\u013e\u00faben\u00e9ho pre svoju vzpriamen\u00fa formu, nen\u00e1ro\u010dnos\u0165 a atrakt\u00edvny vzh\u013ead po\u010das cel\u00e9ho roka.","og_url":"https:\/\/www.spokojnyzajac.sk\/index.php\/produkt\/panicum-virgatum-warrior\/","og_site_name":"Z\u00c1HRADN\u00cdCTVO","article_publisher":"https:\/\/www.facebook.com\/spokojnyzajac\/","article_modified_time":"2025-07-21T12:54:15+00:00","og_image":[{"width":500,"height":500,"url":"https:\/\/www.spokojnyzajac.sk\/wp-content\/uploads\/2025\/02\/Panicum-virgatum-Warrior.webp","type":"image\/webp"}],"twitter_card":"summary_large_image","twitter_misc":{"Predpokladan\u00fd \u010das \u010d\u00edtania":"2 min\u00faty"},"schema":{"@context":"https:\/\/schema.org","@graph":[{"@type":"WebPage","@id":"https:\/\/www.spokojnyzajac.sk\/index.php\/produkt\/panicum-virgatum-warrior\/","url":"https:\/\/www.spokojnyzajac.sk\/index.php\/produkt\/panicum-virgatum-warrior\/","name":"Panicum virgatum Warrior - Z\u00c1HRADN\u00cdCTVO","isPartOf":{"@id":"https:\/\/www.spokojnyzajac.sk\/#website"},"primaryImageOfPage":{"@id":"https:\/\/www.spokojnyzajac.sk\/index.php\/produkt\/panicum-virgatum-warrior\/#primaryimage"},"image":{"@id":"https:\/\/www.spokojnyzajac.sk\/index.php\/produkt\/panicum-virgatum-warrior\/#primaryimage"},"thumbnailUrl":"https:\/\/i0.wp.com\/www.spokojnyzajac.sk\/wp-content\/uploads\/2025\/02\/Panicum-virgatum-Warrior.webp?fit=500%2C500&ssl=1","datePublished":"2025-02-01T08:03:15+00:00","dateModified":"2025-07-21T12:54:15+00:00","breadcrumb":{"@id":"https:\/\/www.spokojnyzajac.sk\/index.php\/produkt\/panicum-virgatum-warrior\/#breadcrumb"},"inLanguage":"sk-SK","potentialAction":[{"@type":"ReadAction","target":["https:\/\/www.spokojnyzajac.sk\/index.php\/produkt\/panicum-virgatum-warrior\/"]}]},{"@type":"ImageObject","inLanguage":"sk-SK","@id":"https:\/\/www.spokojnyzajac.sk\/index.php\/produkt\/panicum-virgatum-warrior\/#primaryimage","url":"https:\/\/i0.wp.com\/www.spokojnyzajac.sk\/wp-content\/uploads\/2025\/02\/Panicum-virgatum-Warrior.webp?fit=500%2C500&ssl=1","contentUrl":"https:\/\/i0.wp.com\/www.spokojnyzajac.sk\/wp-content\/uploads\/2025\/02\/Panicum-virgatum-Warrior.webp?fit=500%2C500&ssl=1","width":500,"height":500},{"@type":"BreadcrumbList","@id":"https:\/\/www.spokojnyzajac.sk\/index.php\/produkt\/panicum-virgatum-warrior\/#breadcrumb","itemListElement":[{"@type":"ListItem","position":1,"name":"Domovsk\u00e1 str\u00e1nka","item":"https:\/\/www.spokojnyzajac.sk\/"},{"@type":"ListItem","position":2,"name":"Produkty","item":"https:\/\/www.spokojnyzajac.sk\/index.php\/obchod\/"},{"@type":"ListItem","position":3,"name":"Panicum virgatum Warrior"}]},{"@type":"WebSite","@id":"https:\/\/www.spokojnyzajac.sk\/#website","url":"https:\/\/www.spokojnyzajac.sk\/","name":"Z\u00e1hradn\u00edctvo","description":"Spokojn\u00fd zajac","potentialAction":[{"@type":"SearchAction","target":{"@type":"EntryPoint","urlTemplate":"https:\/\/www.spokojnyzajac.sk\/?s={search_term_string}"},"query-input":{"@type":"PropertyValueSpecification","valueRequired":true,"valueName":"search_term_string"}}],"inLanguage":"sk-SK"}]}},"jetpack_sharing_enabled":true,"_links":{"self":[{"href":"https:\/\/www.spokojnyzajac.sk\/index.php\/wp-json\/wp\/v2\/product\/2377","targetHints":{"allow":["GET"]}}],"collection":[{"href":"https:\/\/www.spokojnyzajac.sk\/index.php\/wp-json\/wp\/v2\/product"}],"about":[{"href":"https:\/\/www.spokojnyzajac.sk\/index.php\/wp-json\/wp\/v2\/types\/product"}],"replies":[{"embeddable":true,"href":"https:\/\/www.spokojnyzajac.sk\/index.php\/wp-json\/wp\/v2\/comments?post=2377"}],"wp:featuredmedia":[{"embeddable":true,"href":"https:\/\/www.spokojnyzajac.sk\/index.php\/wp-json\/wp\/v2\/media\/2675"}],"wp:attachment":[{"href":"https:\/\/www.spokojnyzajac.sk\/index.php\/wp-json\/wp\/v2\/media?parent=2377"}],"wp:term":[{"taxonomy":"product_brand","embeddable":true,"href":"https:\/\/www.spokojnyzajac.sk\/index.php\/wp-json\/wp\/v2\/product_brand?post=2377"},{"taxonomy":"product_cat","embeddable":true,"href":"https:\/\/www.spokojnyzajac.sk\/index.php\/wp-json\/wp\/v2\/product_cat?post=2377"},{"taxonomy":"product_tag","embeddable":true,"href":"https:\/\/www.spokojnyzajac.sk\/index.php\/wp-json\/wp\/v2\/product_tag?post=2377"}],"curies":[{"name":"wp","href":"https:\/\/api.w.org\/{rel}","templated":true}]}}