{"id":1872,"date":"2024-09-29T16:32:11","date_gmt":"2024-09-29T16:32:11","guid":{"rendered":"https:\/\/www.spokojnyzajac.sk\/?post_type=product&#038;p=1872"},"modified":"2025-05-04T12:15:07","modified_gmt":"2025-05-04T12:15:07","slug":"malina-heritage-remontantna","status":"publish","type":"product","link":"https:\/\/www.spokojnyzajac.sk\/index.php\/produkt\/malina-heritage-remontantna\/","title":{"rendered":"Malina Heritage remontantn\u00e1"},"content":{"rendered":"<p>Remontantn\u00e1, \u010derven\u00e1, sladk\u00e1 malina, rodiaca na jednoro\u010dn\u00fdch v\u00fdhonoch. Odoln\u00e1 odroda vhodn\u00e1 aj do chladnej\u0161\u00edch oblast\u00ed. Rod\u00ed od konca augusta a\u017e do okt\u00f3bra. Odpor\u00fa\u010da sa v\u010dasn\u00e9 odstra\u0148ovanie odroden\u00fdch v\u00fdhonkov.<\/p>\n<p><strong>Farba kvetu <\/strong>biela<br \/>\n<strong>Doba kvetu <\/strong>V &#8211; VI<br \/>\n<strong>V\u00fd\u0161ka rastliny <\/strong>2,5 m<br \/>\n<strong>N\u00e1roky na slnko <\/strong>S, P<br \/>\n<strong>N\u00e1roky na vodu <\/strong>stredn\u00e9<br \/>\n<strong>Hustota v\u00fdsadby <\/strong>1 ks<br \/>\n<strong>Mrazuvzdornos\u0165 <\/strong>\u00e1no<br \/>\n<strong>Habitus rastliny <\/strong>vzpriamen\u00fd<\/p>\n","protected":false},"excerpt":{"rendered":"<p>Rastlina v kvetin\u00e1\u010di: 11&#215;11 cm<br \/>\nRubus idaeus Heritage<br \/>\nSlovensk\u00fd n\u00e1zov: malina<\/p>\n","protected":false},"featured_media":1873,"comment_status":"open","ping_status":"closed","template":"","meta":{"_monsterinsights_skip_tracking":false,"_monsterinsights_sitenote_active":false,"_monsterinsights_sitenote_note":"","_monsterinsights_sitenote_category":0},"product_brand":[],"product_cat":[53,92,40,16],"product_tag":[78],"class_list":{"0":"post-1872","1":"product","2":"type-product","3":"status-publish","4":"has-post-thumbnail","6":"product_cat-drobne-ovocie","7":"product_cat-maliny-a-cernice","8":"product_cat-okrasne-dreviny","9":"product_cat-zive-rastliny","10":"product_tag-jedle-rastliny","11":"pa_stanoviste-polotien","12":"pa_stanoviste-priame-slnko","14":"first","15":"outofstock","16":"taxable","17":"shipping-taxable","18":"purchasable","19":"product-type-simple"},"yoast_head":"<!-- This site is optimized with the Yoast SEO plugin v27.5 - https:\/\/yoast.com\/product\/yoast-seo-wordpress\/ -->\n<title>Malina Heritage remontantn\u00e1 - Z\u00c1HRADN\u00cdCTVO - Spokojn\u00fd zajac<\/title>\n<meta name=\"description\" content=\"Remontantn\u00e1, \u010derven\u00e1, sladk\u00e1 malina, rodiaca na jednoro\u010dn\u00fdch v\u00fdhonoch. Odoln\u00e1 odroda vhodn\u00e1 aj do chladnej\u0161\u00edch oblast\u00ed. Rod\u00ed cel\u00e9 leto.\" \/>\n<meta name=\"robots\" content=\"index, follow, max-snippet:-1, max-image-preview:large, max-video-preview:-1\" \/>\n<link rel=\"canonical\" href=\"https:\/\/www.spokojnyzajac.sk\/index.php\/produkt\/malina-heritage-remontantna\/\" \/>\n<meta property=\"og:locale\" content=\"sk_SK\" \/>\n<meta property=\"og:type\" content=\"article\" \/>\n<meta property=\"og:title\" content=\"Malina Heritage remontantn\u00e1 - Z\u00c1HRADN\u00cdCTVO - Spokojn\u00fd zajac\" \/>\n<meta property=\"og:description\" content=\"Remontantn\u00e1, \u010derven\u00e1, sladk\u00e1 malina, rodiaca na jednoro\u010dn\u00fdch v\u00fdhonoch. Odoln\u00e1 odroda vhodn\u00e1 aj do chladnej\u0161\u00edch oblast\u00ed. Rod\u00ed cel\u00e9 leto.\" \/>\n<meta property=\"og:url\" content=\"https:\/\/www.spokojnyzajac.sk\/index.php\/produkt\/malina-heritage-remontantna\/\" \/>\n<meta property=\"og:site_name\" content=\"Z\u00c1HRADN\u00cdCTVO\" \/>\n<meta property=\"article:publisher\" content=\"https:\/\/www.facebook.com\/spokojnyzajac\/\" \/>\n<meta property=\"article:modified_time\" content=\"2025-05-04T12:15:07+00:00\" \/>\n<meta property=\"og:image\" content=\"https:\/\/www.spokojnyzajac.sk\/wp-content\/uploads\/2024\/09\/29130_malina-heritage-remontantna-1.webp\" \/>\n\t<meta property=\"og:image:width\" content=\"500\" \/>\n\t<meta property=\"og:image:height\" content=\"500\" \/>\n\t<meta property=\"og:image:type\" content=\"image\/webp\" \/>\n<meta name=\"twitter:card\" content=\"summary_large_image\" \/>\n<meta name=\"twitter:label1\" content=\"Predpokladan\u00fd \u010das \u010d\u00edtania\" \/>\n\t<meta name=\"twitter:data1\" content=\"1 min\u00fata\" \/>\n<script type=\"application\/ld+json\" class=\"yoast-schema-graph\">{\"@context\":\"https:\\\/\\\/schema.org\",\"@graph\":[{\"@type\":\"WebPage\",\"@id\":\"https:\\\/\\\/www.spokojnyzajac.sk\\\/index.php\\\/produkt\\\/malina-heritage-remontantna\\\/\",\"url\":\"https:\\\/\\\/www.spokojnyzajac.sk\\\/index.php\\\/produkt\\\/malina-heritage-remontantna\\\/\",\"name\":\"Malina Heritage remontantn\u00e1 - Z\u00c1HRADN\u00cdCTVO - Spokojn\u00fd zajac\",\"isPartOf\":{\"@id\":\"https:\\\/\\\/www.spokojnyzajac.sk\\\/#website\"},\"primaryImageOfPage\":{\"@id\":\"https:\\\/\\\/www.spokojnyzajac.sk\\\/index.php\\\/produkt\\\/malina-heritage-remontantna\\\/#primaryimage\"},\"image\":{\"@id\":\"https:\\\/\\\/www.spokojnyzajac.sk\\\/index.php\\\/produkt\\\/malina-heritage-remontantna\\\/#primaryimage\"},\"thumbnailUrl\":\"https:\\\/\\\/i0.wp.com\\\/www.spokojnyzajac.sk\\\/wp-content\\\/uploads\\\/2024\\\/09\\\/29130_malina-heritage-remontantna-1.webp?fit=500%2C500&ssl=1\",\"datePublished\":\"2024-09-29T16:32:11+00:00\",\"dateModified\":\"2025-05-04T12:15:07+00:00\",\"description\":\"Remontantn\u00e1, \u010derven\u00e1, sladk\u00e1 malina, rodiaca na jednoro\u010dn\u00fdch v\u00fdhonoch. Odoln\u00e1 odroda vhodn\u00e1 aj do chladnej\u0161\u00edch oblast\u00ed. Rod\u00ed cel\u00e9 leto.\",\"breadcrumb\":{\"@id\":\"https:\\\/\\\/www.spokojnyzajac.sk\\\/index.php\\\/produkt\\\/malina-heritage-remontantna\\\/#breadcrumb\"},\"inLanguage\":\"sk-SK\",\"potentialAction\":[{\"@type\":\"ReadAction\",\"target\":[\"https:\\\/\\\/www.spokojnyzajac.sk\\\/index.php\\\/produkt\\\/malina-heritage-remontantna\\\/\"]}]},{\"@type\":\"ImageObject\",\"inLanguage\":\"sk-SK\",\"@id\":\"https:\\\/\\\/www.spokojnyzajac.sk\\\/index.php\\\/produkt\\\/malina-heritage-remontantna\\\/#primaryimage\",\"url\":\"https:\\\/\\\/i0.wp.com\\\/www.spokojnyzajac.sk\\\/wp-content\\\/uploads\\\/2024\\\/09\\\/29130_malina-heritage-remontantna-1.webp?fit=500%2C500&ssl=1\",\"contentUrl\":\"https:\\\/\\\/i0.wp.com\\\/www.spokojnyzajac.sk\\\/wp-content\\\/uploads\\\/2024\\\/09\\\/29130_malina-heritage-remontantna-1.webp?fit=500%2C500&ssl=1\",\"width\":500,\"height\":500},{\"@type\":\"BreadcrumbList\",\"@id\":\"https:\\\/\\\/www.spokojnyzajac.sk\\\/index.php\\\/produkt\\\/malina-heritage-remontantna\\\/#breadcrumb\",\"itemListElement\":[{\"@type\":\"ListItem\",\"position\":1,\"name\":\"Domovsk\u00e1 str\u00e1nka\",\"item\":\"https:\\\/\\\/www.spokojnyzajac.sk\\\/\"},{\"@type\":\"ListItem\",\"position\":2,\"name\":\"Produkty\",\"item\":\"https:\\\/\\\/www.spokojnyzajac.sk\\\/index.php\\\/obchod\\\/\"},{\"@type\":\"ListItem\",\"position\":3,\"name\":\"Malina Heritage remontantn\u00e1\"}]},{\"@type\":\"WebSite\",\"@id\":\"https:\\\/\\\/www.spokojnyzajac.sk\\\/#website\",\"url\":\"https:\\\/\\\/www.spokojnyzajac.sk\\\/\",\"name\":\"Z\u00e1hradn\u00edctvo\",\"description\":\"Spokojn\u00fd zajac\",\"potentialAction\":[{\"@type\":\"SearchAction\",\"target\":{\"@type\":\"EntryPoint\",\"urlTemplate\":\"https:\\\/\\\/www.spokojnyzajac.sk\\\/?s={search_term_string}\"},\"query-input\":{\"@type\":\"PropertyValueSpecification\",\"valueRequired\":true,\"valueName\":\"search_term_string\"}}],\"inLanguage\":\"sk-SK\"}]}<\/script>\n<!-- \/ Yoast SEO plugin. -->","yoast_head_json":{"title":"Malina Heritage remontantn\u00e1 - Z\u00c1HRADN\u00cdCTVO - Spokojn\u00fd zajac","description":"Remontantn\u00e1, \u010derven\u00e1, sladk\u00e1 malina, rodiaca na jednoro\u010dn\u00fdch v\u00fdhonoch. Odoln\u00e1 odroda vhodn\u00e1 aj do chladnej\u0161\u00edch oblast\u00ed. Rod\u00ed cel\u00e9 leto.","robots":{"index":"index","follow":"follow","max-snippet":"max-snippet:-1","max-image-preview":"max-image-preview:large","max-video-preview":"max-video-preview:-1"},"canonical":"https:\/\/www.spokojnyzajac.sk\/index.php\/produkt\/malina-heritage-remontantna\/","og_locale":"sk_SK","og_type":"article","og_title":"Malina Heritage remontantn\u00e1 - Z\u00c1HRADN\u00cdCTVO - Spokojn\u00fd zajac","og_description":"Remontantn\u00e1, \u010derven\u00e1, sladk\u00e1 malina, rodiaca na jednoro\u010dn\u00fdch v\u00fdhonoch. Odoln\u00e1 odroda vhodn\u00e1 aj do chladnej\u0161\u00edch oblast\u00ed. Rod\u00ed cel\u00e9 leto.","og_url":"https:\/\/www.spokojnyzajac.sk\/index.php\/produkt\/malina-heritage-remontantna\/","og_site_name":"Z\u00c1HRADN\u00cdCTVO","article_publisher":"https:\/\/www.facebook.com\/spokojnyzajac\/","article_modified_time":"2025-05-04T12:15:07+00:00","og_image":[{"width":500,"height":500,"url":"https:\/\/www.spokojnyzajac.sk\/wp-content\/uploads\/2024\/09\/29130_malina-heritage-remontantna-1.webp","type":"image\/webp"}],"twitter_card":"summary_large_image","twitter_misc":{"Predpokladan\u00fd \u010das \u010d\u00edtania":"1 min\u00fata"},"schema":{"@context":"https:\/\/schema.org","@graph":[{"@type":"WebPage","@id":"https:\/\/www.spokojnyzajac.sk\/index.php\/produkt\/malina-heritage-remontantna\/","url":"https:\/\/www.spokojnyzajac.sk\/index.php\/produkt\/malina-heritage-remontantna\/","name":"Malina Heritage remontantn\u00e1 - Z\u00c1HRADN\u00cdCTVO - Spokojn\u00fd zajac","isPartOf":{"@id":"https:\/\/www.spokojnyzajac.sk\/#website"},"primaryImageOfPage":{"@id":"https:\/\/www.spokojnyzajac.sk\/index.php\/produkt\/malina-heritage-remontantna\/#primaryimage"},"image":{"@id":"https:\/\/www.spokojnyzajac.sk\/index.php\/produkt\/malina-heritage-remontantna\/#primaryimage"},"thumbnailUrl":"https:\/\/i0.wp.com\/www.spokojnyzajac.sk\/wp-content\/uploads\/2024\/09\/29130_malina-heritage-remontantna-1.webp?fit=500%2C500&ssl=1","datePublished":"2024-09-29T16:32:11+00:00","dateModified":"2025-05-04T12:15:07+00:00","description":"Remontantn\u00e1, \u010derven\u00e1, sladk\u00e1 malina, rodiaca na jednoro\u010dn\u00fdch v\u00fdhonoch. Odoln\u00e1 odroda vhodn\u00e1 aj do chladnej\u0161\u00edch oblast\u00ed. Rod\u00ed cel\u00e9 leto.","breadcrumb":{"@id":"https:\/\/www.spokojnyzajac.sk\/index.php\/produkt\/malina-heritage-remontantna\/#breadcrumb"},"inLanguage":"sk-SK","potentialAction":[{"@type":"ReadAction","target":["https:\/\/www.spokojnyzajac.sk\/index.php\/produkt\/malina-heritage-remontantna\/"]}]},{"@type":"ImageObject","inLanguage":"sk-SK","@id":"https:\/\/www.spokojnyzajac.sk\/index.php\/produkt\/malina-heritage-remontantna\/#primaryimage","url":"https:\/\/i0.wp.com\/www.spokojnyzajac.sk\/wp-content\/uploads\/2024\/09\/29130_malina-heritage-remontantna-1.webp?fit=500%2C500&ssl=1","contentUrl":"https:\/\/i0.wp.com\/www.spokojnyzajac.sk\/wp-content\/uploads\/2024\/09\/29130_malina-heritage-remontantna-1.webp?fit=500%2C500&ssl=1","width":500,"height":500},{"@type":"BreadcrumbList","@id":"https:\/\/www.spokojnyzajac.sk\/index.php\/produkt\/malina-heritage-remontantna\/#breadcrumb","itemListElement":[{"@type":"ListItem","position":1,"name":"Domovsk\u00e1 str\u00e1nka","item":"https:\/\/www.spokojnyzajac.sk\/"},{"@type":"ListItem","position":2,"name":"Produkty","item":"https:\/\/www.spokojnyzajac.sk\/index.php\/obchod\/"},{"@type":"ListItem","position":3,"name":"Malina Heritage remontantn\u00e1"}]},{"@type":"WebSite","@id":"https:\/\/www.spokojnyzajac.sk\/#website","url":"https:\/\/www.spokojnyzajac.sk\/","name":"Z\u00e1hradn\u00edctvo","description":"Spokojn\u00fd zajac","potentialAction":[{"@type":"SearchAction","target":{"@type":"EntryPoint","urlTemplate":"https:\/\/www.spokojnyzajac.sk\/?s={search_term_string}"},"query-input":{"@type":"PropertyValueSpecification","valueRequired":true,"valueName":"search_term_string"}}],"inLanguage":"sk-SK"}]}},"jetpack_sharing_enabled":true,"_links":{"self":[{"href":"https:\/\/www.spokojnyzajac.sk\/index.php\/wp-json\/wp\/v2\/product\/1872","targetHints":{"allow":["GET"]}}],"collection":[{"href":"https:\/\/www.spokojnyzajac.sk\/index.php\/wp-json\/wp\/v2\/product"}],"about":[{"href":"https:\/\/www.spokojnyzajac.sk\/index.php\/wp-json\/wp\/v2\/types\/product"}],"replies":[{"embeddable":true,"href":"https:\/\/www.spokojnyzajac.sk\/index.php\/wp-json\/wp\/v2\/comments?post=1872"}],"wp:featuredmedia":[{"embeddable":true,"href":"https:\/\/www.spokojnyzajac.sk\/index.php\/wp-json\/wp\/v2\/media\/1873"}],"wp:attachment":[{"href":"https:\/\/www.spokojnyzajac.sk\/index.php\/wp-json\/wp\/v2\/media?parent=1872"}],"wp:term":[{"taxonomy":"product_brand","embeddable":true,"href":"https:\/\/www.spokojnyzajac.sk\/index.php\/wp-json\/wp\/v2\/product_brand?post=1872"},{"taxonomy":"product_cat","embeddable":true,"href":"https:\/\/www.spokojnyzajac.sk\/index.php\/wp-json\/wp\/v2\/product_cat?post=1872"},{"taxonomy":"product_tag","embeddable":true,"href":"https:\/\/www.spokojnyzajac.sk\/index.php\/wp-json\/wp\/v2\/product_tag?post=1872"}],"curies":[{"name":"wp","href":"https:\/\/api.w.org\/{rel}","templated":true}]}}